CRAN Package Check Results for Package PortfolioEffectHFT

Last updated on 2021-01-26 15:49:53 CET.

Flavor Version Tinstall Tcheck Ttotal Status Flags
r-devel-linux-x86_64-debian-clang 1.8 13.07 91.00 104.07 OK
r-devel-linux-x86_64-debian-gcc 1.8 9.37 67.62 76.99 OK
r-devel-linux-x86_64-fedora-clang 1.8 136.40 NOTE
r-devel-linux-x86_64-fedora-gcc 1.8 123.81 OK
r-devel-windows-ix86+x86_64 1.8 31.00 118.00 149.00 NOTE
r-patched-linux-x86_64 1.8 13.19 84.66 97.85 OK
r-patched-solaris-x86 1.8 162.50 NOTE
r-release-linux-x86_64 1.8 13.29 85.49 98.78 OK
r-release-macos-x86_64 1.8 NOTE
r-release-windows-ix86+x86_64 1.8 30.00 86.00 116.00 NOTE
r-oldrel-macos-x86_64 1.8 NOTE
r-oldrel-windows-ix86+x86_64 1.8 21.00 113.00 134.00 NOTE

Check Details

Version: 1.8
Check: installed package size
Result: NOTE
     installed size is 6.4Mb
     sub-directories of 1Mb or more:
     java 5.1Mb
Flavors: r-devel-linux-x86_64-fedora-clang, r-devel-windows-ix86+x86_64, r-patched-solaris-x86, r-release-macos-x86_64, r-release-windows-ix86+x86_64, r-oldrel-macos-x86_64, r-oldrel-windows-ix86+x86_64