CRAN Package Check Results for Package PortRisk

Last updated on 2021-01-26 15:49:53 CET.

Flavor Version Tinstall Tcheck Ttotal Status Flags
r-devel-linux-x86_64-debian-clang 1.1.0 10.15 96.94 107.09 OK
r-devel-linux-x86_64-debian-gcc 1.1.0 8.81 74.88 83.69 OK
r-devel-linux-x86_64-fedora-clang 1.1.0 136.02 OK
r-devel-linux-x86_64-fedora-gcc 1.1.0 131.99 OK
r-devel-windows-ix86+x86_64 1.1.0 2.00 8.00 10.00 ERROR
r-patched-linux-x86_64 1.1.0 10.01 90.45 100.46 OK
r-patched-solaris-x86 1.1.0 196.30 OK
r-release-linux-x86_64 1.1.0 11.37 90.71 102.08 OK
r-release-macos-x86_64 1.1.0 OK
r-release-windows-ix86+x86_64 1.1.0 25.00 90.00 115.00 OK
r-oldrel-macos-x86_64 1.1.0 OK
r-oldrel-windows-ix86+x86_64 1.1.0 17.00 111.00 128.00 OK

Check Details

Version: 1.1.0
Check: whether package can be installed
Result: ERROR
    Installation failed.
Flavor: r-devel-windows-ix86+x86_64