Last updated on 2023-03-30 03:52:42 CEST.
Flavor | Version | Tinstall | Tcheck | Ttotal | Status | Flags |
---|---|---|---|---|---|---|
r-devel-linux-x86_64-debian-clang | 1.2.1 | 41.78 | 435.79 | 477.57 | NOTE | |
r-devel-linux-x86_64-debian-gcc | 1.2.1 | 35.72 | 323.04 | 358.76 | NOTE | |
r-devel-linux-x86_64-fedora-clang | 1.2.1 | 597.24 | NOTE | |||
r-devel-linux-x86_64-fedora-gcc | 1.2.1 | 614.13 | NOTE | |||
r-devel-windows-x86_64 | 1.2.1 | 90.00 | 431.00 | 521.00 | NOTE | |
r-patched-linux-x86_64 | 1.2.1 | 47.44 | 409.43 | 456.87 | NOTE | |
r-release-linux-x86_64 | 1.2.1 | 42.56 | 414.59 | 457.15 | NOTE | |
r-release-macos-arm64 | 1.2.1 | 134.00 | NOTE | |||
r-release-macos-x86_64 | 1.2.1 | 189.00 | NOTE | |||
r-release-windows-x86_64 | 1.2.1 | 81.00 | 429.00 | 510.00 | NOTE | |
r-oldrel-macos-arm64 | 1.2.1 | 128.00 | NOTE | |||
r-oldrel-macos-x86_64 | 1.2.1 | 200.00 | NOTE | |||
r-oldrel-windows-ix86+x86_64 | 1.2.1 | 91.00 | 403.00 | 494.00 | OK |
Version: 1.2.1
Check: package dependencies
Result: NOTE
Packages suggested but not available for checking: 'USAboundaries', 'INLA'
Flavors: r-devel-linux-x86_64-debian-clang, r-devel-linux-x86_64-debian-gcc, r-patched-linux-x86_64, r-release-linux-x86_64
Version: 1.2.1
Check: Rd cross-references
Result: NOTE
Package unavailable to check Rd xrefs: ‘INLA’
Flavors: r-devel-linux-x86_64-debian-clang, r-devel-linux-x86_64-debian-gcc, r-devel-windows-x86_64, r-patched-linux-x86_64, r-release-linux-x86_64, r-release-macos-arm64, r-release-macos-x86_64, r-release-windows-x86_64, r-oldrel-macos-arm64, r-oldrel-macos-x86_64
Version: 1.2.1
Check: package dependencies
Result: NOTE
Package suggested but not available for checking: ‘USAboundaries’
Flavors: r-devel-linux-x86_64-fedora-clang, r-devel-linux-x86_64-fedora-gcc
Version: 1.2.1
Check: package dependencies
Result: NOTE
Package suggested but not available for checking: 'INLA'
Flavors: r-devel-windows-x86_64, r-release-macos-arm64, r-release-macos-x86_64, r-release-windows-x86_64, r-oldrel-macos-arm64, r-oldrel-macos-x86_64