Last updated on 2021-03-01 15:47:36 CET.
Flavor | Version | Tinstall | Tcheck | Ttotal | Status | Flags |
---|---|---|---|---|---|---|
r-devel-linux-x86_64-debian-clang | 1.5 | OK | ||||
r-devel-linux-x86_64-debian-gcc | 1.5 | 8.11 | 38.44 | 46.55 | OK | |
r-devel-linux-x86_64-fedora-clang | 1.5 | 82.32 | NOTE | |||
r-devel-linux-x86_64-fedora-gcc | 1.5 | 70.33 | NOTE | |||
r-devel-windows-ix86+x86_64 | 1.5 | 16.00 | 55.00 | 71.00 | NOTE | |
r-patched-linux-x86_64 | 1.5 | 8.17 | 47.01 | 55.18 | OK | |
r-patched-solaris-x86 | 1.5 | 104.20 | NOTE | |||
r-release-linux-x86_64 | 1.5 | 9.51 | 47.23 | 56.74 | OK | |
r-release-macos-x86_64 | 1.5 | NOTE | ||||
r-release-windows-ix86+x86_64 | 1.5 | 21.00 | 69.00 | 90.00 | NOTE | |
r-oldrel-macos-x86_64 | 1.5 | NOTE | ||||
r-oldrel-windows-ix86+x86_64 | 1.5 | 15.00 | 66.00 | 81.00 | NOTE |
Version: 1.5
Check: installed package size
Result: NOTE
installed size is 6.2Mb
sub-directories of 1Mb or more:
data 6.0Mb
Flavors: r-devel-linux-x86_64-fedora-clang, r-devel-windows-ix86+x86_64, r-patched-solaris-x86, r-release-macos-x86_64, r-release-windows-ix86+x86_64, r-oldrel-macos-x86_64, r-oldrel-windows-ix86+x86_64
Version: 1.5
Check: data for non-ASCII characters
Result: NOTE
Note: found 7256 marked UTF-8 strings
Flavors: r-devel-linux-x86_64-fedora-clang, r-devel-linux-x86_64-fedora-gcc, r-patched-solaris-x86, r-release-macos-x86_64, r-oldrel-macos-x86_64