Last updated on 2021-03-07 19:49:04 CET.
Flavor | Version | Tinstall | Tcheck | Ttotal | Status | Flags |
---|---|---|---|---|---|---|
r-devel-linux-x86_64-debian-clang | 0.1.6 | 7.31 | 68.47 | 75.78 | NOTE | |
r-devel-linux-x86_64-debian-gcc | 0.1.6 | 5.29 | 51.54 | 56.83 | NOTE | |
r-devel-linux-x86_64-fedora-clang | 0.1.6 | 100.45 | NOTE | |||
r-devel-linux-x86_64-fedora-gcc | 0.1.6 | 91.02 | NOTE | |||
r-devel-windows-ix86+x86_64 | 0.1.6 | 19.00 | 96.00 | 115.00 | OK | |
r-devel-windows-x86_64-gcc10-UCRT | 0.1.6 | OK | ||||
r-patched-linux-x86_64 | 0.1.6 | 7.00 | 64.18 | 71.18 | NOTE | |
r-patched-solaris-x86 | 0.1.6 | 127.70 | NOTE | |||
r-release-linux-x86_64 | 0.1.6 | 6.40 | 64.08 | 70.48 | NOTE | |
r-release-macos-x86_64 | 0.1.6 | OK | ||||
r-release-windows-ix86+x86_64 | 0.1.6 | 17.00 | 69.00 | 86.00 | OK | |
r-oldrel-macos-x86_64 | 0.1.6 | OK | ||||
r-oldrel-windows-ix86+x86_64 | 0.1.6 | 10.00 | 65.00 | 75.00 | OK |
Version: 0.1.6
Check: for non-standard things in the check directory
Result: NOTE
Found the following files/directories:
'P2Run.csv' 'P2Run.html' 'P2Run.png'
Flavors: r-devel-linux-x86_64-debian-clang, r-devel-linux-x86_64-debian-gcc, r-devel-linux-x86_64-fedora-clang, r-devel-linux-x86_64-fedora-gcc, r-patched-linux-x86_64, r-release-linux-x86_64
Version: 0.1.6
Check: for non-standard things in the check directory
Result: NOTE
Found the following files/directories:
‘P2Run.csv’ ‘P2Run.png’
Flavor: r-patched-solaris-x86