CRAN Package Check Results for Package PlaneGeometry

Last updated on 2022-05-18 03:53:45 CEST.

Flavor Version Tinstall Tcheck Ttotal Status Flags
r-devel-linux-x86_64-debian-clang 1.3.1 19.61 247.03 266.64 OK
r-devel-linux-x86_64-debian-gcc 1.3.1 19.86 170.26 190.12 OK
r-devel-linux-x86_64-fedora-clang 1.3.1 298.99 NOTE
r-devel-linux-x86_64-fedora-gcc 1.3.1 298.56 OK
r-devel-windows-x86_64 1.3.1 128.00 258.00 386.00 NOTE
r-patched-linux-x86_64 1.3.1 20.48 229.52 250.00 OK
r-release-linux-x86_64 1.3.1 21.47 229.89 251.36 OK
r-release-macos-arm64 1.3.1 86.00 NOTE
r-release-macos-x86_64 1.3.1 105.00 NOTE
r-release-windows-x86_64 1.3.1 92.00 252.00 344.00 NOTE
r-oldrel-macos-arm64 1.3.1 93.00 NOTE
r-oldrel-macos-x86_64 1.3.1 94.00 NOTE
r-oldrel-windows-ix86+x86_64 1.3.1 37.00 267.00 304.00 NOTE

Check Details

Version: 1.3.1
Check: installed package size
Result: NOTE
     installed size is 7.0Mb
     sub-directories of 1Mb or more:
     doc 5.9Mb
Flavors: r-devel-linux-x86_64-fedora-clang, r-devel-windows-x86_64, r-release-macos-arm64, r-release-macos-x86_64, r-release-windows-x86_64, r-oldrel-macos-arm64, r-oldrel-macos-x86_64, r-oldrel-windows-ix86+x86_64