CRAN Package Check Results for Package PieceExpIntensity

Last updated on 2021-06-12 23:49:15 CEST.

Flavor Version Tinstall Tcheck Ttotal Status Flags
r-devel-linux-x86_64-debian-clang 1.0.4 33.83 27.07 60.90 NOTE
r-devel-linux-x86_64-debian-gcc 1.0.4 20.98 21.13 42.11 NOTE
r-devel-linux-x86_64-fedora-clang 1.0.4 84.87 NOTE
r-devel-linux-x86_64-fedora-gcc 1.0.4 72.15 NOTE
r-devel-windows-x86_64 1.0.4 42.00 58.00 100.00 NOTE
r-devel-windows-x86_64-gcc10-UCRT 1.0.4 NOTE
r-patched-linux-x86_64 1.0.4 25.62 26.16 51.78 NOTE
r-patched-solaris-x86 1.0.4 88.50 NOTE
r-release-linux-x86_64 1.0.4 23.24 26.00 49.24 NOTE
r-release-macos-arm64 1.0.4 NOTE
r-release-macos-x86_64 1.0.4 NOTE
r-release-windows-ix86+x86_64 1.0.4 57.00 67.00 124.00 NOTE
r-oldrel-macos-x86_64 1.0.4 OK
r-oldrel-windows-ix86+x86_64 1.0.4 54.00 79.00 133.00 OK

Check Details

Version: 1.0.4
Check: LazyData
Result: NOTE
     'LazyData' is specified without a 'data' directory
Flavors: r-devel-linux-x86_64-debian-clang, r-devel-linux-x86_64-debian-gcc, r-devel-linux-x86_64-fedora-clang, r-devel-linux-x86_64-fedora-gcc, r-devel-windows-x86_64, r-devel-windows-x86_64-gcc10-UCRT, r-patched-linux-x86_64, r-patched-solaris-x86, r-release-linux-x86_64, r-release-macos-arm64, r-release-macos-x86_64, r-release-windows-ix86+x86_64