Last updated on 2021-01-22 11:50:23 CET.
Flavor | Version | Tinstall | Tcheck | Ttotal | Status | Flags |
---|---|---|---|---|---|---|
r-devel-linux-x86_64-debian-clang | 2.0.4 | 21.68 | 372.79 | 394.47 | OK | |
r-devel-linux-x86_64-debian-gcc | 2.0.4 | 19.30 | 270.97 | 290.27 | OK | |
r-devel-linux-x86_64-fedora-clang | 2.0.4 | 494.56 | NOTE | |||
r-devel-linux-x86_64-fedora-gcc | 2.0.4 | 475.75 | OK | |||
r-devel-windows-ix86+x86_64 | 2.0.4 | 47.00 | 306.00 | 353.00 | OK | --no-vignettes |
r-patched-linux-x86_64 | 2.0.4 | 24.67 | 347.11 | 371.78 | OK | |
r-patched-solaris-x86 | 2.0.4 | 650.40 | OK | |||
r-release-linux-x86_64 | 2.0.4 | 25.67 | 348.53 | 374.20 | OK | |
r-release-macos-x86_64 | 2.0.4 | OK | ||||
r-release-windows-ix86+x86_64 | 2.0.4 | 32.00 | 349.00 | 381.00 | OK | --no-vignettes |
r-oldrel-macos-x86_64 | 2.0.4 | OK | ||||
r-oldrel-windows-ix86+x86_64 | 2.0.4 | 32.00 | 348.00 | 380.00 | OK | --no-vignettes |
Version: 2.0.4
Check: Rd cross-references
Result: NOTE
Undeclared packages ‘timeSeries’, ‘tseries’, ‘car’, ‘gplots’ in Rd xrefs
Flavor: r-devel-linux-x86_64-fedora-clang