CRAN Package Check Results for Package PenIC

Last updated on 2024-05-24 08:55:40 CEST.

Flavor Version Tinstall Tcheck Ttotal Status Flags
r-devel-linux-x86_64-debian-clang 1.0.0 7.58 69.19 76.77 NOTE
r-devel-linux-x86_64-debian-gcc 1.0.0 5.72 51.88 57.60 NOTE
r-devel-linux-x86_64-fedora-clang 1.0.0 94.26 NOTE
r-devel-linux-x86_64-fedora-gcc 1.0.0 88.86 NOTE
r-devel-windows-x86_64 1.0.0 6.00 71.00 77.00 NOTE
r-patched-linux-x86_64 1.0.0 7.86 63.70 71.56 NOTE
r-release-linux-x86_64 1.0.0 7.98 63.78 71.76 NOTE
r-release-macos-arm64 1.0.0 30.00 NOTE
r-release-windows-x86_64 1.0.0 6.00 368.00 374.00 NOTE
r-oldrel-macos-arm64 1.0.0 34.00 NOTE
r-oldrel-macos-x86_64 1.0.0 50.00 NOTE
r-oldrel-windows-x86_64 1.0.0 6.00 79.00 85.00 NOTE

Check Details

Version: 1.0.0
Check: LazyData
Result: NOTE 'LazyData' is specified without a 'data' directory Flavors: r-devel-linux-x86_64-debian-clang, r-devel-linux-x86_64-debian-gcc, r-devel-linux-x86_64-fedora-clang, r-devel-linux-x86_64-fedora-gcc, r-devel-windows-x86_64, r-patched-linux-x86_64, r-release-linux-x86_64, r-release-macos-arm64, r-release-windows-x86_64, r-oldrel-macos-arm64, r-oldrel-macos-x86_64, r-oldrel-windows-x86_64