CRAN Package Check Results for Package ParamHelpers

Last updated on 2021-05-06 11:50:32 CEST.

Flavor Version Tinstall Tcheck Ttotal Status Flags
r-devel-linux-x86_64-debian-clang 1.14 7.14 72.54 79.68 NOTE
r-devel-linux-x86_64-debian-gcc 1.14 6.32 53.39 59.71 NOTE
r-devel-linux-x86_64-fedora-clang 1.14 103.02 NOTE
r-devel-linux-x86_64-fedora-gcc 1.14 92.19 NOTE
r-devel-windows-ix86+x86_64 1.14 14.00 118.00 132.00 NOTE
r-devel-windows-x86_64-gcc10-UCRT 1.14 NOTE
r-patched-linux-x86_64 1.14 10.30 69.90 80.20 NOTE
r-patched-solaris-x86 1.14 116.90 OK
r-release-linux-x86_64 1.14 7.95 67.54 75.49 OK
r-release-macos-x86_64 1.14 OK
r-release-windows-ix86+x86_64 1.14 13.00 96.00 109.00 OK
r-oldrel-macos-x86_64 1.14 OK
r-oldrel-windows-ix86+x86_64 1.14 16.00 120.00 136.00 OK

Check Details

Version: 1.14
Check: LazyData
Result: NOTE
     'LazyData' is specified without a 'data' directory
Flavors: r-devel-linux-x86_64-debian-clang, r-devel-linux-x86_64-debian-gcc, r-devel-linux-x86_64-fedora-clang, r-devel-linux-x86_64-fedora-gcc, r-devel-windows-ix86+x86_64, r-devel-windows-x86_64-gcc10-UCRT, r-patched-linux-x86_64