CRAN Package Check Results for Package ParallelLogger

Last updated on 2021-09-20 15:53:01 CEST.

Flavor Version Tinstall Tcheck Ttotal Status Flags
r-devel-linux-x86_64-debian-clang 2.0.2 2.50 44.68 47.18 OK
r-devel-linux-x86_64-debian-gcc 2.0.2 2.48 35.53 38.01 OK
r-devel-linux-x86_64-fedora-clang 2.0.2 65.43 OK
r-devel-linux-x86_64-fedora-gcc 2.0.2 53.65 OK
r-devel-windows-x86_64 2.0.2 4.00 66.00 70.00 OK
r-devel-windows-x86_64-gcc10-UCRT 2.0.2 ERROR
r-patched-linux-x86_64 2.0.2 3.57 44.13 47.70 OK
r-patched-solaris-x86 2.0.2 78.10 OK
r-release-linux-x86_64 2.0.2 2.57 44.19 46.76 OK
r-release-macos-arm64 2.0.2 OK
r-release-macos-x86_64 2.0.2 WARN
r-release-windows-ix86+x86_64 2.0.2 8.00 92.00 100.00 OK
r-oldrel-macos-x86_64 2.0.2 WARN
r-oldrel-windows-ix86+x86_64 2.0.2 7.00 82.00 89.00 OK

Check Details

Version: 2.0.2
Check: whether package can be installed
Result: WARN
    Found the following significant warnings:
     WARNING: installation-time patches will not be applied, could not get the patches index
Flavor: r-devel-windows-x86_64-gcc10-UCRT

Version: 2.0.2
Check: PDF version of manual
Result: WARN
    LaTeX errors when creating PDF version.
    This typically indicates Rd problems.
Flavor: r-devel-windows-x86_64-gcc10-UCRT

Version: 2.0.2
Check: PDF version of manual without hyperrefs or index
Result: ERROR
    Re-running with no redirection of stdout/stderr.
Flavor: r-devel-windows-x86_64-gcc10-UCRT

Version: 2.0.2
Check: re-building of vignette outputs
Result: WARN
    Error(s) in re-building vignettes:
     ...
    --- re-building ‘Logging.Rmd’ using rmarkdown
    Warning in engine$weave(file, quiet = quiet, encoding = enc) :
     Pandoc (>= 1.12.3) not available. Falling back to R Markdown v1.
    Error: processing vignette 'Logging.Rmd' failed with diagnostics:
    there is no package called 'stringi'
    --- failed re-building ‘Logging.Rmd’
    
    --- re-building ‘Parallel.Rmd’ using rmarkdown
    Warning in engine$weave(file, quiet = quiet, encoding = enc) :
     Pandoc (>= 1.12.3) not available. Falling back to R Markdown v1.
    Error: processing vignette 'Parallel.Rmd' failed with diagnostics:
    there is no package called 'stringi'
    --- failed re-building ‘Parallel.Rmd’
    
    SUMMARY: processing the following files failed:
     ‘Logging.Rmd’ ‘Parallel.Rmd’
    
    Error: Vignette re-building failed.
    Execution halted
Flavors: r-release-macos-x86_64, r-oldrel-macos-x86_64