CRAN Package Check Results for Package PakPMICS2018

Last updated on 2021-06-22 15:51:56 CEST.

Flavor Version Tinstall Tcheck Ttotal Status Flags
r-devel-linux-x86_64-debian-clang 1.0.0 3.80 52.19 55.99 NOTE
r-devel-linux-x86_64-debian-gcc 1.0.0 2.73 39.60 42.33 NOTE
r-devel-linux-x86_64-fedora-clang 1.0.0 79.93 NOTE
r-devel-linux-x86_64-fedora-gcc 1.0.0 66.79 NOTE
r-devel-windows-x86_64 1.0.0 6.00 56.00 62.00 NOTE
r-devel-windows-x86_64-gcc10-UCRT 1.0.0 NOTE
r-patched-linux-x86_64 1.0.0 5.25 50.61 55.86 NOTE
r-patched-solaris-x86 1.0.0 82.00 NOTE
r-release-linux-x86_64 1.0.0 3.16 50.67 53.83 NOTE
r-release-macos-arm64 1.0.0 NOTE
r-release-macos-x86_64 1.0.0 NOTE
r-release-windows-ix86+x86_64 1.0.0 6.00 42.00 48.00 NOTE
r-oldrel-macos-x86_64 1.0.0 OK

Check Details

Version: 1.0.0
Check: LazyData
Result: NOTE
     'LazyData' is specified without a 'data' directory
Flavors: r-devel-linux-x86_64-debian-clang, r-devel-linux-x86_64-debian-gcc, r-devel-linux-x86_64-fedora-clang, r-devel-linux-x86_64-fedora-gcc, r-devel-windows-x86_64, r-devel-windows-x86_64-gcc10-UCRT, r-patched-linux-x86_64, r-patched-solaris-x86, r-release-linux-x86_64, r-release-macos-arm64, r-release-macos-x86_64, r-release-windows-ix86+x86_64