CRAN Package Check Results for Package PairViz

Last updated on 2021-06-22 15:51:56 CEST.

Flavor Version Tinstall Tcheck Ttotal Status Flags
r-devel-linux-x86_64-debian-clang 1.3.4 7.72 78.59 86.31 OK
r-devel-linux-x86_64-debian-gcc 1.3.4 6.12 60.04 66.16 OK
r-devel-linux-x86_64-fedora-clang 1.3.4 114.28 OK
r-devel-linux-x86_64-fedora-gcc 1.3.4 102.88 OK
r-devel-windows-x86_64 1.3.4 11.00 96.00 107.00 OK
r-devel-windows-x86_64-gcc10-UCRT 1.3.4 WARN
r-patched-linux-x86_64 1.3.4 7.42 76.25 83.67 OK
r-patched-solaris-x86 1.3.4 139.30 OK
r-release-linux-x86_64 1.3.4 5.80 75.94 81.74 OK
r-release-macos-arm64 1.3.4 WARN
r-release-macos-x86_64 1.3.4 OK
r-release-windows-ix86+x86_64 1.3.4 15.00 87.00 102.00 OK
r-oldrel-macos-x86_64 1.3.4 OK

Check Details

Version: 1.3.4
Check: package dependencies
Result: NOTE
    Package suggested but not available for checking: 'alr4'
Flavor: r-devel-windows-x86_64-gcc10-UCRT

Version: 1.3.4
Check: re-building of vignette outputs
Result: WARN
    Error(s) in re-building vignettes:
     ...
    --- re-building 'MultipleComparisons.Rmd' using rmarkdown
    --- finished re-building 'MultipleComparisons.Rmd'
    
    --- re-building 'PairVizIntroduction.Rmd' using rmarkdown
    --- finished re-building 'PairVizIntroduction.Rmd'
    
    --- re-building 'pcp.Rmd' using rmarkdown
    Quitting from lines 131-152 (pcp.Rmd)
    Error: processing vignette 'pcp.Rmd' failed with diagnostics:
    trying to use CRAN without setting a mirror
    --- failed re-building 'pcp.Rmd'
    
    SUMMARY: processing the following file failed:
     'pcp.Rmd'
    
    Error: Vignette re-building failed.
    Execution halted
Flavor: r-devel-windows-x86_64-gcc10-UCRT

Version: 1.3.4
Check: re-building of vignette outputs
Result: WARN
    Error(s) in re-building vignettes:
     ...
    --- re-building ‘MultipleComparisons.Rmd’ using rmarkdown
    Warning in engine$weave(file, quiet = quiet, encoding = enc) :
     Pandoc (>= 1.12.3) not available. Falling back to R Markdown v1.
    --- finished re-building ‘MultipleComparisons.Rmd’
    
    --- re-building ‘PairVizIntroduction.Rmd’ using rmarkdown
    Warning in engine$weave(file, quiet = quiet, encoding = enc) :
     Pandoc (>= 1.12.3) not available. Falling back to R Markdown v1.
    --- finished re-building ‘PairVizIntroduction.Rmd’
    
    sh: line 1: 57778 Trace/BPT trap: 5 '/Library/Frameworks/R.framework/Resources/bin/R' --vanilla --no-echo > '/Volumes/Temp/tmp/Rtmp9Eiv0s/filedfa1410c7f3c' 2>&1 < '/Volumes/Temp/tmp/Rtmp9Eiv0s/filedfa11b755d81'
    --- re-building ‘pcp.Rmd’ using rmarkdown
    Warning in engine$weave(file, quiet = quiet, encoding = enc) :
     Pandoc (>= 1.12.3) not available. Falling back to R Markdown v1.
    SUMMARY: processing the following file failed:
     ‘pcp.Rmd’
    
    Error: Vignette re-building failed.
    Execution halted
Flavor: r-release-macos-arm64