Last updated on 2021-03-02 15:48:10 CET.
Flavor | Version | Tinstall | Tcheck | Ttotal | Status | Flags |
---|---|---|---|---|---|---|
r-devel-linux-x86_64-debian-clang | 0.1.0 | OK | ||||
r-devel-linux-x86_64-debian-gcc | 0.1.0 | 6.39 | 213.06 | 219.45 | OK | |
r-devel-linux-x86_64-fedora-clang | 0.1.0 | 357.46 | NOTE | |||
r-devel-linux-x86_64-fedora-gcc | 0.1.0 | 347.39 | NOTE | |||
r-devel-windows-ix86+x86_64 | 0.1.0 | 18.00 | 313.00 | 331.00 | OK | |
r-patched-linux-x86_64 | 0.1.0 | 8.12 | 285.80 | 293.92 | OK | |
r-patched-solaris-x86 | 0.1.0 | 555.80 | NOTE | |||
r-release-linux-x86_64 | 0.1.0 | 7.82 | 284.09 | 291.91 | OK | |
r-release-macos-x86_64 | 0.1.0 | NOTE | ||||
r-release-windows-ix86+x86_64 | 0.1.0 | 18.00 | 418.00 | 436.00 | OK | |
r-oldrel-macos-x86_64 | 0.1.0 | NOTE | ||||
r-oldrel-windows-ix86+x86_64 | 0.1.0 | 10.00 | 291.00 | 301.00 | OK |
Version: 0.1.0
Check: dependencies in R code
Result: NOTE
Namespace in Imports field not imported from: ‘ggplot2’
All declared Imports should be used.
Flavors: r-devel-linux-x86_64-fedora-clang, r-devel-linux-x86_64-fedora-gcc, r-patched-solaris-x86, r-release-macos-x86_64, r-oldrel-macos-x86_64