CRAN Package Check Results for Package PSSMCOOL

Last updated on 2022-05-17 23:56:43 CEST.

Flavor Version Tinstall Tcheck Ttotal Status Flags
r-devel-linux-x86_64-debian-clang 0.2.4 5.91 86.75 92.66 OK
r-devel-linux-x86_64-debian-gcc 0.2.4 4.21 64.53 68.74 OK
r-devel-linux-x86_64-fedora-clang 0.2.4 106.28 NOTE
r-devel-linux-x86_64-fedora-gcc 0.2.4 107.91 OK
r-devel-windows-x86_64 0.2.4 47.00 116.00 163.00 OK
r-patched-linux-x86_64 0.2.4 6.42 83.62 90.04 OK
r-release-linux-x86_64 0.2.4 6.21 82.15 88.36 OK
r-release-macos-arm64 0.2.4 30.00 OK
r-release-macos-x86_64 0.2.4 42.00 OK
r-release-windows-x86_64 0.2.4 50.00 112.00 162.00 OK
r-oldrel-macos-arm64 0.2.4 28.00 OK
r-oldrel-macos-x86_64 0.2.4 43.00 OK
r-oldrel-windows-ix86+x86_64 0.2.4 12.00 107.00 119.00 OK

Check Details

Version: 0.2.4
Check: Rd cross-references
Result: NOTE
    Undeclared package ‘entropy’ in Rd xrefs
Flavor: r-devel-linux-x86_64-fedora-clang