Last updated on 2021-02-24 19:48:15 CET.
Flavor | Version | Tinstall | Tcheck | Ttotal | Status | Flags |
---|---|---|---|---|---|---|
r-devel-linux-x86_64-debian-clang | 0.2.0 | 8.39 | 47.90 | 56.29 | OK | |
r-devel-linux-x86_64-debian-gcc | 0.2.0 | 6.47 | 35.77 | 42.24 | OK | |
r-devel-linux-x86_64-fedora-clang | 0.2.0 | 73.09 | NOTE | |||
r-devel-linux-x86_64-fedora-gcc | 0.2.0 | 62.08 | NOTE | |||
r-devel-windows-ix86+x86_64 | 0.2.0 | 14.00 | 48.00 | 62.00 | OK | |
r-patched-linux-x86_64 | 0.2.0 | 8.33 | 44.35 | 52.68 | OK | |
r-patched-solaris-x86 | 0.2.0 | 91.30 | NOTE | |||
r-release-linux-x86_64 | 0.2.0 | 7.89 | 42.81 | 50.70 | OK | |
r-release-macos-x86_64 | 0.2.0 | NOTE | ||||
r-release-windows-ix86+x86_64 | 0.2.0 | 20.00 | 66.00 | 86.00 | OK | |
r-oldrel-macos-x86_64 | 0.2.0 | NOTE | ||||
r-oldrel-windows-ix86+x86_64 | 0.2.0 | 12.00 | 63.00 | 75.00 | OK |
Version: 0.2.0
Check: data for non-ASCII characters
Result: NOTE
Note: found 26 marked Latin-1 strings
Flavors: r-devel-linux-x86_64-fedora-clang, r-devel-linux-x86_64-fedora-gcc, r-patched-solaris-x86, r-release-macos-x86_64, r-oldrel-macos-x86_64