CRAN Package Check Results for Package PRDA

Last updated on 2021-06-21 11:52:15 CEST.

Flavor Version Tinstall Tcheck Ttotal Status Flags
r-devel-linux-x86_64-debian-clang 1.0.0 39.63 219.45 259.08 NOTE
r-devel-linux-x86_64-debian-gcc 1.0.0 26.91 153.01 179.92 NOTE
r-devel-linux-x86_64-fedora-clang 1.0.0 327.68 NOTE
r-devel-linux-x86_64-fedora-gcc 1.0.0 313.27 NOTE
r-devel-windows-x86_64 1.0.0 49.00 290.00 339.00 NOTE
r-devel-windows-x86_64-gcc10-UCRT 1.0.0 WARN
r-patched-linux-x86_64 1.0.0 32.92 213.86 246.78 NOTE
r-patched-solaris-x86 1.0.0 462.00 NOTE
r-release-linux-x86_64 1.0.0 32.70 213.19 245.89 NOTE
r-release-macos-arm64 1.0.0 NOTE
r-release-macos-x86_64 1.0.0 NOTE
r-release-windows-ix86+x86_64 1.0.0 94.00 327.00 421.00 NOTE
r-oldrel-macos-x86_64 1.0.0 OK

Check Details

Version: 1.0.0
Check: LazyData
Result: NOTE
     'LazyData' is specified without a 'data' directory
Flavors: r-devel-linux-x86_64-debian-clang, r-devel-linux-x86_64-debian-gcc, r-devel-linux-x86_64-fedora-clang, r-devel-linux-x86_64-fedora-gcc, r-devel-windows-x86_64, r-devel-windows-x86_64-gcc10-UCRT, r-patched-linux-x86_64, r-patched-solaris-x86, r-release-linux-x86_64, r-release-macos-arm64, r-release-macos-x86_64, r-release-windows-ix86+x86_64

Version: 1.0.0
Check: package dependencies
Result: NOTE
    Packages suggested but not available for checking:
     'covr', 'devtools', 'tidyverse'
Flavor: r-devel-windows-x86_64-gcc10-UCRT

Version: 1.0.0
Check: re-building of vignette outputs
Result: WARN
    Error(s) in re-building vignettes:
     ...
    --- re-building 'PRDA.Rmd' using rmarkdown
    --- finished re-building 'PRDA.Rmd'
    
    --- re-building 'prospective.Rmd' using rmarkdown
    --- finished re-building 'prospective.Rmd'
    
    --- re-building 'retrospective.Rmd' using rmarkdown
    Quitting from lines 21-24 (retrospective.Rmd)
    Error: processing vignette 'retrospective.Rmd' failed with diagnostics:
    there is no package called 'tidyverse'
    --- failed re-building 'retrospective.Rmd'
    
    SUMMARY: processing the following file failed:
     'retrospective.Rmd'
    
    Error: Vignette re-building failed.
    Execution halted
Flavor: r-devel-windows-x86_64-gcc10-UCRT