CRAN Package Check Results for Package POSetR

Last updated on 2021-06-17 15:49:16 CEST.

Flavor Version Tinstall Tcheck Ttotal Status Flags
r-devel-linux-x86_64-debian-clang 1.0.3 231.29 36.97 268.26 OK
r-devel-linux-x86_64-debian-gcc 1.0.3 167.71 28.85 196.56 OK
r-devel-linux-x86_64-fedora-clang 1.0.3 375.44 NOTE
r-devel-linux-x86_64-fedora-gcc 1.0.3 363.75 NOTE
r-devel-windows-x86_64 1.0.3 274.00 54.00 328.00 OK
r-devel-windows-x86_64-gcc10-UCRT 1.0.3 NOTE
r-patched-linux-x86_64 1.0.3 199.88 35.78 235.66 OK
r-release-linux-x86_64 1.0.3 197.84 35.59 233.43 OK
r-release-macos-arm64 1.0.3 NOTE
r-release-macos-x86_64 1.0.3 NOTE
r-release-windows-ix86+x86_64 1.0.3 517.00 89.00 606.00 OK
r-oldrel-macos-x86_64 1.0.3 NOTE
r-oldrel-windows-ix86+x86_64 1.0.3 373.00 84.00 457.00 OK

Check Details

Version: 1.0.3
Check: installed package size
Result: NOTE
     installed size is 10.9Mb
     sub-directories of 1Mb or more:
     libs 10.8Mb
Flavors: r-devel-linux-x86_64-fedora-clang, r-release-macos-arm64, r-release-macos-x86_64, r-oldrel-macos-x86_64

Version: 1.0.3
Check: dependencies in R code
Result: NOTE
    Namespace in Imports field not imported from: ‘Rdpack’
     All declared Imports should be used.
Flavors: r-devel-linux-x86_64-fedora-clang, r-devel-linux-x86_64-fedora-gcc, r-devel-windows-x86_64-gcc10-UCRT, r-release-macos-arm64, r-release-macos-x86_64, r-oldrel-macos-x86_64