CRAN Package Check Results for Package PKPDsim

Last updated on 2022-08-10 03:53:21 CEST.

Flavor Version Tinstall Tcheck Ttotal Status Flags
r-devel-linux-x86_64-debian-clang 1.1.1 103.56 373.85 477.41 OK
r-devel-linux-x86_64-debian-gcc 1.1.1 80.03 276.71 356.74 OK
r-devel-linux-x86_64-fedora-clang 1.1.1 623.99 NOTE
r-devel-linux-x86_64-fedora-gcc 1.1.1 572.41 NOTE
r-devel-windows-x86_64 1.1.1 127.00 408.00 535.00 OK
r-patched-linux-x86_64 1.1.1 91.59 337.92 429.51 OK
r-release-linux-x86_64 1.1.1 OK
r-release-macos-arm64 1.1.1 120.00 NOTE
r-release-macos-x86_64 1.1.1 171.00 NOTE
r-release-windows-x86_64 1.1.1 130.00 435.00 565.00 OK
r-oldrel-macos-arm64 1.1.1 120.00 NOTE
r-oldrel-macos-x86_64 1.1.1 160.00 NOTE
r-oldrel-windows-ix86+x86_64 1.1.1 246.00 739.00 985.00 OK

Check Details

Version: 1.1.1
Check: dependencies in R code
Result: NOTE
    Namespace in Imports field not imported from: ‘BH’
     All declared Imports should be used.
Flavors: r-devel-linux-x86_64-fedora-clang, r-devel-linux-x86_64-fedora-gcc, r-release-macos-arm64, r-release-macos-x86_64, r-oldrel-macos-arm64, r-oldrel-macos-x86_64