CRAN Package Check Results for Package PKI

Last updated on 2024-06-22 19:58:12 CEST.

Flavor Version Tinstall Tcheck Ttotal Status Flags
r-devel-linux-x86_64-debian-clang 0.1-14 8.61 28.89 37.50 OK
r-devel-linux-x86_64-debian-gcc 0.1-14 6.52 22.47 28.99 OK
r-devel-linux-x86_64-fedora-clang 0.1-14 51.72 OK
r-devel-linux-x86_64-fedora-gcc 0.1-14 49.51 OK
r-devel-windows-x86_64 0.1-14 16.00 110.00 126.00 NOTE
r-patched-linux-x86_64 0.1-14 7.56 27.90 35.46 OK
r-release-linux-x86_64 0.1-12 7.42 27.79 35.21 OK
r-release-macos-arm64 0.1-14 29.00 OK
r-release-macos-x86_64 0.1-14 53.00 OK
r-release-windows-x86_64 0.1-14 20.00 97.00 117.00 NOTE
r-oldrel-macos-arm64 0.1-14 32.00 OK
r-oldrel-macos-x86_64 0.1-14 55.00 OK
r-oldrel-windows-x86_64 0.1-14 15.00 112.00 127.00 OK

Check Details

Version: 0.1-14
Check: installed package size
Result: NOTE installed size is 5.3Mb sub-directories of 1Mb or more: libs 5.1Mb Flavors: r-devel-windows-x86_64, r-release-windows-x86_64