Last updated on 2023-03-28 03:54:10 CEST.
Flavor | Version | Tinstall | Tcheck | Ttotal | Status | Flags |
---|---|---|---|---|---|---|
r-devel-linux-x86_64-debian-clang | 0.1.2 | 19.65 | 1115.92 | 1135.57 | OK | |
r-devel-linux-x86_64-debian-gcc | 0.1.2 | 15.83 | 783.37 | 799.20 | OK | |
r-devel-linux-x86_64-fedora-clang | 0.1.2 | 1650.16 | OK | |||
r-devel-linux-x86_64-fedora-gcc | 0.1.2 | 1454.36 | OK | |||
r-devel-windows-x86_64 | 0.1.2 | 90.00 | 1255.00 | 1345.00 | OK | |
r-patched-linux-x86_64 | 0.1.2 | 26.00 | 1056.97 | 1082.97 | OK | |
r-release-linux-x86_64 | 0.1.2 | 14.84 | 1059.03 | 1073.87 | OK | |
r-release-macos-arm64 | 0.1.2 | 219.00 | NOTE | |||
r-release-macos-x86_64 | 0.1.2 | 409.00 | OK | |||
r-release-windows-x86_64 | 0.1.2 | 111.00 | 1029.00 | 1140.00 | OK | |
r-oldrel-macos-arm64 | 0.1.2 | 197.00 | NOTE | |||
r-oldrel-macos-x86_64 | 0.1.2 | 418.00 | OK | |||
r-oldrel-windows-ix86+x86_64 | 0.1.2 | 39.00 | 1381.00 | 1420.00 | OK |
Version: 0.1.2
Check: installed package size
Result: NOTE
installed size is 5.1Mb
sub-directories of 1Mb or more:
data 2.0Mb
doc 2.0Mb
Flavors: r-release-macos-arm64, r-oldrel-macos-arm64