Last updated on 2023-09-26 16:13:06 CEST.
Flavor | Version | Tinstall | Tcheck | Ttotal | Status | Flags |
---|---|---|---|---|---|---|
r-devel-linux-x86_64-debian-clang | 2.68.8 | 18.09 | 116.24 | 134.33 | OK | |
r-devel-linux-x86_64-debian-gcc | 2.68.8 | 15.33 | 88.59 | 103.92 | OK | |
r-devel-linux-x86_64-fedora-clang | 2.68.8 | 184.79 | NOTE | |||
r-devel-linux-x86_64-fedora-gcc | 2.68.8 | 191.35 | OK | |||
r-devel-windows-x86_64 | 2.68.8 | 17.00 | 124.00 | 141.00 | OK | |
r-patched-linux-x86_64 | 2.68.8 | 21.36 | 113.63 | 134.99 | OK | |
r-release-linux-x86_64 | 2.68.8 | 19.81 | 114.58 | 134.39 | OK | |
r-release-macos-arm64 | 2.68.8 | 52.00 | NOTE | |||
r-release-macos-x86_64 | 2.68.8 | 94.00 | NOTE | |||
r-release-windows-x86_64 | 2.68.8 | 20.00 | 133.00 | 153.00 | OK | |
r-oldrel-macos-arm64 | 2.68.8 | 74.00 | NOTE | |||
r-oldrel-macos-x86_64 | 2.68.8 | 118.00 | NOTE | |||
r-oldrel-windows-x86_64 | 2.68.8 | 27.00 | 134.00 | 161.00 | OK |
Version: 2.68.8
Check: installed package size
Result: NOTE
installed size is 5.3Mb
sub-directories of 1Mb or more:
doc 1.3Mb
examples 1.7Mb
Flavors: r-devel-linux-x86_64-fedora-clang, r-release-macos-arm64, r-release-macos-x86_64, r-oldrel-macos-arm64, r-oldrel-macos-x86_64