Last updated on 2023-06-04 15:56:54 CEST.
Flavor | Version | Tinstall | Tcheck | Ttotal | Status | Flags |
---|---|---|---|---|---|---|
r-devel-linux-x86_64-debian-clang | 2.73.2 | 24.27 | 100.66 | 124.93 | NOTE | |
r-devel-linux-x86_64-debian-gcc | 2.73.2 | 19.78 | 77.66 | 97.44 | NOTE | |
r-devel-linux-x86_64-fedora-clang | 2.73.2 | 160.20 | NOTE | |||
r-devel-linux-x86_64-fedora-gcc | 2.73.2 | 182.02 | NOTE | |||
r-devel-windows-x86_64 | 2.73.2 | 24.00 | 129.00 | 153.00 | NOTE | |
r-patched-linux-x86_64 | 2.73.2 | 25.01 | 97.35 | 122.36 | NOTE | |
r-release-linux-x86_64 | 2.73.2 | 19.75 | 95.00 | 114.75 | NOTE | |
r-release-macos-arm64 | 2.73.2 | 51.00 | NOTE | |||
r-release-macos-x86_64 | 2.73.2 | 83.00 | NOTE | |||
r-release-windows-x86_64 | 2.73.2 | 32.00 | 141.00 | 173.00 | NOTE | |
r-oldrel-macos-arm64 | 2.73.2 | 44.00 | NOTE | |||
r-oldrel-macos-x86_64 | 2.73.2 | 76.00 | NOTE | |||
r-oldrel-windows-x86_64 | 2.73.2 | 29.00 | 134.00 | 163.00 | NOTE |
Version: 2.73.2
Check: C++ specification
Result: NOTE
Specified C++11: please drop specification unless essential
Flavors: r-devel-linux-x86_64-debian-clang, r-devel-linux-x86_64-debian-gcc, r-devel-linux-x86_64-fedora-clang, r-devel-linux-x86_64-fedora-gcc, r-devel-windows-x86_64, r-patched-linux-x86_64, r-release-linux-x86_64, r-release-macos-arm64, r-release-macos-x86_64, r-release-windows-x86_64
Version: 2.73.2
Check: installed package size
Result: NOTE
installed size is 5.6Mb
sub-directories of 1Mb or more:
data 2.7Mb
doc 1.1Mb
Flavors: r-devel-linux-x86_64-fedora-clang, r-devel-windows-x86_64, r-release-macos-arm64, r-release-macos-x86_64, r-release-windows-x86_64, r-oldrel-macos-arm64, r-oldrel-macos-x86_64, r-oldrel-windows-x86_64