Last updated on 2022-05-26 03:53:16 CEST.
Flavor | Version | Tinstall | Tcheck | Ttotal | Status | Flags |
---|---|---|---|---|---|---|
r-devel-linux-x86_64-debian-clang | 0.1-0 | 9.06 | 88.23 | 97.29 | NOTE | |
r-devel-linux-x86_64-debian-gcc | 0.1-0 | 6.04 | 68.46 | 74.50 | NOTE | |
r-devel-linux-x86_64-fedora-clang | 0.1-0 | 113.53 | NOTE | |||
r-devel-linux-x86_64-fedora-gcc | 0.1-0 | 111.78 | NOTE | |||
r-devel-windows-x86_64 | 0.1-0 | 13.00 | 108.00 | 121.00 | NOTE | |
r-patched-linux-x86_64 | 0.1-0 | 7.71 | 83.37 | 91.08 | NOTE | |
r-release-linux-x86_64 | 0.1-0 | NOTE | ||||
r-release-macos-arm64 | 0.1-0 | 32.00 | NOTE | |||
r-release-macos-x86_64 | 0.1-0 | 49.00 | NOTE | |||
r-release-windows-x86_64 | 0.1-0 | 15.00 | 113.00 | 128.00 | NOTE | |
r-oldrel-macos-arm64 | 0.1-0 | 38.00 | NOTE | |||
r-oldrel-macos-x86_64 | 0.1-0 | 64.00 | NOTE | |||
r-oldrel-windows-ix86+x86_64 | 0.1-0 | 17.00 | 108.00 | 125.00 | NOTE |
Version: 0.1-0
Check: LazyData
Result: NOTE
'LazyData' is specified without a 'data' directory
Flavors: r-devel-linux-x86_64-debian-clang, r-devel-linux-x86_64-debian-gcc, r-devel-linux-x86_64-fedora-clang, r-devel-linux-x86_64-fedora-gcc, r-devel-windows-x86_64, r-patched-linux-x86_64, r-release-linux-x86_64, r-release-macos-arm64, r-release-macos-x86_64, r-release-windows-x86_64, r-oldrel-macos-arm64, r-oldrel-macos-x86_64, r-oldrel-windows-ix86+x86_64