CRAN Package Check Results for Package PAMhm

Last updated on 2022-05-23 15:53:42 CEST.

Flavor Version Tinstall Tcheck Ttotal Status Flags
r-devel-linux-x86_64-debian-clang 0.1.2 8.56 102.53 111.09 OK
r-devel-linux-x86_64-debian-gcc 0.1.2 6.61 77.37 83.98 OK
r-devel-linux-x86_64-fedora-clang 0.1.2 128.96 OK
r-devel-linux-x86_64-fedora-gcc 0.1.2 126.86 OK
r-devel-windows-x86_64 0.1.2 13.00 115.00 128.00 OK
r-patched-linux-x86_64 0.1.2 7.29 94.36 101.65 OK
r-release-linux-x86_64 0.1.2 OK
r-release-macos-arm64 0.1.2 33.00 OK
r-release-macos-x86_64 0.1.2 5.00 ERROR
r-release-windows-x86_64 0.1.2 16.00 123.00 139.00 OK
r-oldrel-macos-arm64 0.1.2 5.00 ERROR
r-oldrel-macos-x86_64 0.1.2 5.00 ERROR
r-oldrel-windows-ix86+x86_64 0.1.2 21.00 107.00 128.00 OK

Check Details

Version: 0.1.2
Check: package dependencies
Result: ERROR
    Package required but not available: ‘heatmapFlex’
    
    See section ‘The DESCRIPTION file’ in the ‘Writing R Extensions’
    manual.
Flavors: r-release-macos-x86_64, r-oldrel-macos-arm64, r-oldrel-macos-x86_64