CRAN Package Check Results for Package Ostats

Last updated on 2021-11-28 07:50:50 CET.

Flavor Version Tinstall Tcheck Ttotal Status Flags
r-devel-linux-x86_64-debian-clang 0.1.1 OK
r-devel-linux-x86_64-debian-gcc 0.1.1 2.22 342.71 344.93 OK
r-devel-linux-x86_64-fedora-clang 0.1.1 534.27 OK
r-devel-linux-x86_64-fedora-gcc 0.1.1 518.96 OK
r-devel-windows-x86_64-new-UL 0.1.1 11.00 640.00 651.00 OK
r-devel-windows-x86_64-new-TK 0.1.1 OK
r-devel-windows-x86_64-old 0.1.1 6.00 499.00 505.00 OK
r-patched-linux-x86_64 0.1.1 3.27 414.50 417.77 OK
r-patched-solaris-x86 0.1.1 166.70 OK
r-release-linux-x86_64 0.1.1 3.57 428.00 431.57 OK
r-release-macos-arm64 0.1.1 OK
r-release-macos-x86_64 0.1.1 OK
r-release-windows-ix86+x86_64 0.1.1 9.00 618.00 627.00 OK
r-oldrel-macos-x86_64 0.1.1 OK
r-oldrel-windows-ix86+x86_64 0.1.1 13.00 644.00 657.00 ERROR

Check Details

Version: 0.1.1
Check: tests
Result: ERROR
     Running 'testthat.R' [26s]
    Running the tests in 'tests/testthat.R' failed.
    Complete output:
     > library(testthat)
     > library(Ostats)
     >
     > test_check("Ostats")
     == Failed tests ================================================================
     -- Failure (test-Ostats_multivariate.R:15:5): Ostats_multivariate returns expected output --
     `result1` not equal to `expected1`.
     2/2 mismatches (average diff: 0.0285)
     [1] 0.710 - 0.755 == -0.0451
     [2] 0.795 - 0.783 == 0.0120
    
     [ FAIL 1 | WARN 0 | SKIP 0 | PASS 12 ]
     Error: Test failures
     Execution halted
Flavor: r-oldrel-windows-ix86+x86_64