CRAN Package Check Results for Package OptimaRegion

Last updated on 2021-11-28 07:50:50 CET.

Flavor Version Tinstall Tcheck Ttotal Status Flags
r-devel-linux-x86_64-debian-clang 1.1 OK
r-devel-linux-x86_64-debian-gcc 1.1 3.38 31.71 35.09 OK
r-devel-linux-x86_64-fedora-clang 1.1 66.09 NOTE
r-devel-linux-x86_64-fedora-gcc 1.1 52.81 NOTE
r-devel-windows-x86_64-new-UL 1.1 13.00 72.00 85.00 OK
r-devel-windows-x86_64-new-TK 1.1 NOTE
r-devel-windows-x86_64-old 1.1 6.00 41.00 47.00 OK
r-patched-linux-x86_64 1.1 4.57 39.23 43.80 OK
r-patched-solaris-x86 1.1 64.90 NOTE
r-release-linux-x86_64 1.1 4.14 40.39 44.53 OK
r-release-macos-arm64 1.1 NOTE
r-release-macos-x86_64 1.1 NOTE
r-release-windows-ix86+x86_64 1.1 9.00 59.00 68.00 OK
r-oldrel-macos-x86_64 1.1 NOTE
r-oldrel-windows-ix86+x86_64 1.1 9.00 58.00 67.00 OK

Check Details

Version: 1.1
Check: dependencies in R code
Result: NOTE
    Namespace in Imports field not imported from: ‘geometry’
     All declared Imports should be used.
Flavors: r-devel-linux-x86_64-fedora-clang, r-devel-linux-x86_64-fedora-gcc, r-devel-windows-x86_64-new-TK, r-patched-solaris-x86, r-release-macos-arm64, r-release-macos-x86_64, r-oldrel-macos-x86_64