CRAN Package Check Results for Package OpenImageR

Last updated on 2021-06-21 07:48:51 CEST.

Flavor Version Tinstall Tcheck Ttotal Status Flags
r-devel-linux-x86_64-debian-clang 1.1.9 63.32 102.14 165.46 OK
r-devel-linux-x86_64-debian-gcc 1.1.9 47.17 76.41 123.58 OK
r-devel-linux-x86_64-fedora-clang 1.1.9 219.42 NOTE
r-devel-linux-x86_64-fedora-gcc 1.1.9 203.61 OK
r-devel-windows-x86_64 1.1.9 71.00 138.00 209.00 OK
r-devel-windows-x86_64-gcc10-UCRT 1.1.9 NOTE
r-patched-linux-x86_64 1.1.9 53.05 95.58 148.63 OK
r-patched-solaris-x86 1.1.9 292.10 OK
r-release-linux-x86_64 1.1.9 54.43 95.90 150.33 OK
r-release-macos-arm64 1.1.9 NOTE
r-release-macos-x86_64 1.1.9 NOTE
r-release-windows-ix86+x86_64 1.1.9 133.00 195.00 328.00 NOTE
r-oldrel-macos-x86_64 1.1.9 NOTE

Check Details

Version: 1.1.9
Check: installed package size
Result: NOTE
     installed size is 8.1Mb
     sub-directories of 1Mb or more:
     doc 2.2Mb
     libs 5.3Mb
Flavors: r-devel-linux-x86_64-fedora-clang, r-release-macos-arm64, r-release-macos-x86_64, r-release-windows-ix86+x86_64, r-oldrel-macos-x86_64

Version: 1.1.9
Check: package dependencies
Result: NOTE
    Package suggested but not available for checking: 'covr'
Flavor: r-devel-windows-x86_64-gcc10-UCRT