Last updated on 2021-03-02 15:48:08 CET.
Flavor | Version | Tinstall | Tcheck | Ttotal | Status | Flags |
---|---|---|---|---|---|---|
r-devel-linux-x86_64-debian-clang | 0.6-5 | NOTE | ||||
r-devel-linux-x86_64-debian-gcc | 0.6-5 | 140.58 | 130.24 | 270.82 | NOTE | |
r-devel-linux-x86_64-fedora-clang | 0.6-5 | 454.43 | NOTE | |||
r-devel-linux-x86_64-fedora-gcc | 0.6-5 | 444.22 | NOTE | |||
r-devel-windows-ix86+x86_64 | 0.6-5 | 260.00 | 266.00 | 526.00 | NOTE | |
r-patched-linux-x86_64 | 0.6-5 | 117.80 | 165.40 | 283.20 | NOTE | |
r-patched-solaris-x86 | 0.6-5 | 452.70 | NOTE | |||
r-release-linux-x86_64 | 0.6-5 | 118.83 | 172.90 | 291.73 | NOTE | |
r-release-macos-x86_64 | 0.6-5 | NOTE | ||||
r-release-windows-ix86+x86_64 | 0.6-5 | 357.00 | 376.00 | 733.00 | NOTE | |
r-oldrel-macos-x86_64 | 0.6-5 | NOTE | ||||
r-oldrel-windows-ix86+x86_64 | 0.6-5 | 249.00 | 343.00 | 592.00 | NOTE |
Version: 0.6-5
Check: for GNU extensions in Makefiles
Result: NOTE
GNU make is a SystemRequirements.
Flavors: r-devel-linux-x86_64-debian-clang, r-devel-linux-x86_64-debian-gcc, r-devel-linux-x86_64-fedora-clang, r-devel-linux-x86_64-fedora-gcc, r-devel-windows-ix86+x86_64, r-patched-linux-x86_64, r-patched-solaris-x86, r-release-linux-x86_64, r-release-macos-x86_64, r-release-windows-ix86+x86_64, r-oldrel-macos-x86_64, r-oldrel-windows-ix86+x86_64
Version: 0.6-5
Check: installed package size
Result: NOTE
installed size is 41.8Mb
sub-directories of 1Mb or more:
libs 40.7Mb
Flavors: r-devel-linux-x86_64-fedora-clang, r-devel-windows-ix86+x86_64, r-release-macos-x86_64, r-release-windows-ix86+x86_64, r-oldrel-macos-x86_64, r-oldrel-windows-ix86+x86_64
Version: 0.6-5
Check: dependencies in R code
Result: NOTE
Namespaces in Imports field not imported from:
‘bayesplot’ ‘ggplot2’
All declared Imports should be used.
Flavors: r-devel-linux-x86_64-fedora-clang, r-devel-linux-x86_64-fedora-gcc, r-patched-solaris-x86, r-release-macos-x86_64, r-oldrel-macos-x86_64