CRAN Package Check Results for Package OSLdecomposition

Last updated on 2023-02-09 03:56:18 CET.

Flavor Version Tinstall Tcheck Ttotal Status Flags
r-devel-linux-x86_64-debian-clang 1.0.0 5.11 73.87 78.98 OK
r-devel-linux-x86_64-debian-gcc 1.0.0 4.37 54.90 59.27 OK
r-devel-linux-x86_64-fedora-clang 1.0.0 101.58 NOTE
r-devel-linux-x86_64-fedora-gcc 1.0.0 93.59 OK
r-devel-windows-x86_64 1.0.0 47.00 108.00 155.00 OK
r-patched-linux-x86_64 1.0.0 14.25 69.03 83.28 OK
r-release-linux-x86_64 1.0.0 4.80 66.97 71.77 OK
r-release-macos-arm64 1.0.0 29.00 OK
r-release-macos-x86_64 1.0.0 41.00 OK
r-release-windows-x86_64 1.0.0 28.00 114.00 142.00 OK
r-oldrel-macos-arm64 1.0.0 28.00 OK
r-oldrel-macos-x86_64 1.0.0 44.00 OK
r-oldrel-windows-ix86+x86_64 1.0.0 13.00 97.00 110.00 OK

Check Details

Version: 1.0.0
Check: Rd cross-references
Result: NOTE
    Undeclared package ‘knitr’ in Rd xrefs
Flavor: r-devel-linux-x86_64-fedora-clang