CRAN Package Check Results for Package NPMLEmix

Last updated on 2021-02-28 11:51:59 CET.

Flavor Version Tinstall Tcheck Ttotal Status Flags
r-devel-linux-x86_64-debian-clang 1.2 13.64 111.66 125.30 OK
r-devel-linux-x86_64-debian-gcc 1.2 12.07 83.26 95.33 OK
r-devel-linux-x86_64-fedora-clang 1.2 163.86 NOTE
r-devel-linux-x86_64-fedora-gcc 1.2 147.23 NOTE
r-devel-windows-ix86+x86_64 1.2 26.00 102.00 128.00 OK
r-patched-linux-x86_64 1.2 10.11 104.45 114.56 OK
r-release-linux-x86_64 1.2 10.88 103.74 114.62 OK
r-release-macos-x86_64 1.2 NOTE
r-release-windows-ix86+x86_64 1.2 52.00 100.00 152.00 OK
r-oldrel-macos-x86_64 1.2 NOTE
r-oldrel-windows-ix86+x86_64 1.2 0.00 7.00 7.00 ERROR

Check Details

Version: 1.2
Check: dependencies in R code
Result: NOTE
    Namespaces in Imports field not imported from:
     ‘CAMAN’ ‘Hmisc’ ‘latexpdf’ ‘spatstat’
     All declared Imports should be used.
Flavors: r-devel-linux-x86_64-fedora-clang, r-devel-linux-x86_64-fedora-gcc, r-release-macos-x86_64, r-oldrel-macos-x86_64

Version: 1.2
Check: package dependencies
Result: ERROR
    Package required but not available: 'REBayes'
    
    See section 'The DESCRIPTION file' in the 'Writing R Extensions'
    manual.
Flavor: r-oldrel-windows-ix86+x86_64