CRAN Package Check Results for Package NMOF

Last updated on 2021-01-20 23:49:47 CET.

Flavor Version Tinstall Tcheck Ttotal Status Flags
r-devel-linux-x86_64-debian-clang 2.3-1 6.55 176.65 183.20 OK
r-devel-linux-x86_64-debian-gcc 2.3-1 6.75 132.17 138.92 OK
r-devel-linux-x86_64-fedora-clang 2.3-1 180.59 ERROR
r-devel-linux-x86_64-fedora-gcc 2.3-1 201.84 OK
r-devel-windows-ix86+x86_64 2.2-2 11.00 186.00 197.00 OK
r-patched-linux-x86_64 2.2-2 6.84 168.82 175.66 OK
r-patched-solaris-x86 2.3-1 300.80 OK
r-release-linux-x86_64 2.2-2 7.71 168.77 176.48 OK
r-release-macos-x86_64 2.2-2 OK
r-release-windows-ix86+x86_64 2.2-2 12.00 259.00 271.00 OK
r-oldrel-macos-x86_64 2.3-1 OK
r-oldrel-windows-ix86+x86_64 2.2-2 10.00 182.00 192.00 OK

Additional issues

gcc11

Check Details

Version: 2.3-1
Check: tests
Result: ERROR
     Running ‘tinytest.R’
    Running the tests in ‘tests/tinytest.R’ failed.
    Complete output:
     > if (requireNamespace("tinytest", quietly = TRUE))
     + tinytest.results <- tinytest::test_package("NMOF")
    
     Running test_portfolio.R.............. 0 tests Loading required namespace: quadprog
    
     Running test_portfolio.R.............. 0 tests
     Running test_portfolio.R.............. 1 tests <1b>[0;32mOK<1b>[0m
     Running test_portfolio.R.............. 2 tests <1b>[0;32mOK<1b>[0m
     Running test_portfolio.R.............. 3 tests <1b>[0;32mOK<1b>[0m
     Running test_portfolio.R.............. 4 tests <1b>[0;32mOK<1b>[0m
     Running test_portfolio.R.............. 4 tests <1b>[0;32mOK<1b>[0m
     Running test_portfolio.R.............. 5 tests <1b>[0;32mOK<1b>[0m
     Running test_portfolio.R.............. 6 tests <1b>[0;32mOK<1b>[0m
     Running test_portfolio.R.............. 7 tests <1b>[0;32mOK<1b>[0m
     Running test_portfolio.R.............. 8 tests <1b>[0;32mOK<1b>[0m
     Running test_portfolio.R.............. 9 tests <1b>[0;32mOK<1b>[0m
     Running test_portfolio.R.............. 10 tests <1b>[0;32mOK<1b>[0m
     Running test_portfolio.R.............. 10 tests <1b>[0;32mOK<1b>[0m
     Running test_portfolio.R.............. 11 tests <1b>[0;32mOK<1b>[0m
     Running test_portfolio.R.............. 12 tests <1b>[0;32mOK<1b>[0m
     Running test_portfolio.R.............. 13 tests <1b>[0;32mOK<1b>[0m
     Running test_portfolio.R.............. 14 tests <1b>[0;32mOK<1b>[0m
     Running test_portfolio.R.............. 15 tests <1b>[0;32mOK<1b>[0m
     Running test_portfolio.R.............. 16 tests <1b>[0;32mOK<1b>[0m
     Running test_portfolio.R.............. 17 tests <1b>[0;32mOK<1b>[0m
     Running test_portfolio.R.............. 17 tests <1b>[0;32mOK<1b>[0m
     Running test_portfolio.R.............. 17 tests <1b>[0;32mOK<1b>[0m
     Running test_portfolio.R.............. 17 tests <1b>[0;32mOK<1b>[0m
     Running test_portfolio.R.............. 17 tests <1b>[0;32mOK<1b>[0m
     Running test_portfolio.R.............. 17 tests <1b>[0;32mOK<1b>[0m
     Running test_portfolio.R.............. 17 tests <1b>[0;32mOK<1b>[0m
     Running test_portfolio.R.............. 17 tests <1b>[0;32mOK<1b>[0m
     Running test_portfolio.R.............. 18 tests <1b>[0;32mOK<1b>[0m
     Running test_portfolio.R.............. 18 tests <1b>[0;32mOK<1b>[0m
     Running test_portfolio.R.............. 19 tests <1b>[0;32mOK<1b>[0m
     Running test_portfolio.R.............. 19 tests <1b>[0;32mOK<1b>[0m
     Running test_portfolio.R.............. 19 tests <1b>[0;32mOK<1b>[0m
     Running test_portfolio.R.............. 19 tests <1b>[0;32mOK<1b>[0m Error in quadprog::solve.QP(Dmat = Q, dvec = if (is.null(lambda)) rep(0, :
     constraints are inconsistent, no solution!
     Calls: <Anonymous> ... lapply -> FUN -> eval -> eval -> mvPortfolio -> <Anonymous>
     Execution halted
Flavor: r-devel-linux-x86_64-fedora-clang