Last updated on 2023-06-04 07:55:45 CEST.
Flavor | Version | Tinstall | Tcheck | Ttotal | Status | Flags |
---|---|---|---|---|---|---|
r-devel-linux-x86_64-debian-clang | 0.1.0 | 6.57 | 159.14 | 165.71 | OK | |
r-devel-linux-x86_64-debian-gcc | 0.1.0 | 5.55 | 119.41 | 124.96 | OK | |
r-devel-linux-x86_64-fedora-clang | 0.1.0 | 202.90 | NOTE | |||
r-devel-linux-x86_64-fedora-gcc | 0.1.0 | 222.09 | NOTE | |||
r-devel-windows-x86_64 | 0.1.0 | 7.00 | 128.00 | 135.00 | OK | |
r-patched-linux-x86_64 | 0.1.0 | 5.71 | 149.08 | 154.79 | OK | |
r-release-linux-x86_64 | 0.1.0 | 6.73 | 147.91 | 154.64 | OK | |
r-release-macos-arm64 | 0.1.0 | 63.00 | OK | |||
r-release-macos-x86_64 | 0.1.0 | 104.00 | OK | |||
r-release-windows-x86_64 | 0.1.0 | 9.00 | 161.00 | 170.00 | OK | |
r-oldrel-macos-arm64 | 0.1.0 | 41.00 | NOTE | |||
r-oldrel-macos-x86_64 | 0.1.0 | 74.00 | ERROR | |||
r-oldrel-windows-x86_64 | 0.1.0 | 9.00 | 164.00 | 173.00 | OK |
Version: 0.1.0
Check: dependencies in R code
Result: NOTE
Namespaces in Imports field not imported from:
‘NHSRdatasets’ ‘grid’ ‘utils’
All declared Imports should be used.
Flavors: r-devel-linux-x86_64-fedora-clang, r-devel-linux-x86_64-fedora-gcc, r-oldrel-macos-arm64, r-oldrel-macos-x86_64
Version: 0.1.0
Check: tests
Result: ERROR
Running ‘spelling.R’ [0s/0s]
Running ‘testthat.R’ [7s/7s]
Running the tests in ‘tests/testthat.R’ failed.
Last 13 lines of output:
══ Failed tests ════════════════════════════════════════════════════════════════
── Failure (test-ptd_create_ggplot.R:79:3): it returns a ggplot object ─────────
p$labels (`actual`) not equal to list(...) (`expected`).
`actual$title`: "SPC Chart of Y, starting 01/01/2020"
`expected$title`: "SPC Chart of Y, starting 02/01/2020"
── Failure (test-ptd_create_ggplot.R:299:3): it sets the main title correctly ──
p1$labels$title (`actual`) not equal to "SPC Chart of Y, starting 02/01/2020" (`expected`).
`actual`: "SPC Chart of Y, starting 01/01/2020"
`expected`: "SPC Chart of Y, starting 02/01/2020"
[ FAIL 2 | WARN 0 | SKIP 3 | PASS 430 ]
Error: Test failures
Execution halted
Flavor: r-oldrel-macos-x86_64