CRAN Package Check Results for Package NCC

Last updated on 2024-06-16 08:55:56 CEST.

Flavor Version Tinstall Tcheck Ttotal Status Flags
r-devel-linux-x86_64-debian-clang 1.0 36.58 310.70 347.28 OK
r-devel-linux-x86_64-debian-gcc 1.0 33.49 225.44 258.93 OK
r-devel-linux-x86_64-fedora-clang 1.0 321.90 NOTE
r-devel-linux-x86_64-fedora-gcc 1.0 378.31 NOTE
r-devel-windows-x86_64 1.0 26.00 222.00 248.00 OK
r-patched-linux-x86_64 1.0 0.59 2.17 2.76 ERROR
r-release-linux-x86_64 1.0 38.25 297.61 335.86 OK
r-release-macos-arm64 1.0 103.00 OK
r-release-macos-x86_64 1.0 156.00 OK
r-release-windows-x86_64 1.0 28.00 218.00 246.00 OK
r-oldrel-macos-arm64 1.0 102.00 OK
r-oldrel-macos-x86_64 1.0 169.00 OK
r-oldrel-windows-x86_64 1.0 33.00 275.00 308.00 OK

Check Details

Version: 1.0
Check: dependencies in R code
Result: NOTE Namespace in Imports field not imported from: ‘magick’ All declared Imports should be used. Flavors: r-devel-linux-x86_64-fedora-clang, r-devel-linux-x86_64-fedora-gcc

Version: 1.0
Check: package dependencies
Result: ERROR Package required but not available: ‘RBesT’ See section ‘The DESCRIPTION file’ in the ‘Writing R Extensions’ manual. Flavor: r-patched-linux-x86_64