Last updated on 2021-03-04 15:49:23 CET.
Flavor | Version | Tinstall | Tcheck | Ttotal | Status | Flags |
---|---|---|---|---|---|---|
r-devel-linux-x86_64-debian-clang | 0.1.0 | 2.16 | 20.30 | 22.46 | OK | |
r-devel-linux-x86_64-debian-gcc | 0.1.0 | 1.71 | 15.89 | 17.60 | OK | |
r-devel-linux-x86_64-fedora-clang | 0.1.0 | 36.70 | NOTE | |||
r-devel-linux-x86_64-fedora-gcc | 0.1.0 | 26.67 | NOTE | |||
r-devel-windows-ix86+x86_64 | 0.1.0 | 7.00 | 34.00 | 41.00 | OK | |
r-patched-linux-x86_64 | 0.1.0 | 2.19 | 19.42 | 21.61 | OK | |
r-patched-solaris-x86 | 0.1.0 | 43.20 | NOTE | |||
r-release-linux-x86_64 | 0.1.0 | 1.97 | 19.62 | 21.59 | OK | |
r-release-macos-x86_64 | 0.1.0 | NOTE | ||||
r-release-windows-ix86+x86_64 | 0.1.0 | 5.00 | 26.00 | 31.00 | OK | |
r-oldrel-macos-x86_64 | 0.1.0 | ERROR |
Version: 0.1.0
Check: dependencies in R code
Result: NOTE
Namespaces in Imports field not imported from:
‘caret’ ‘datasets’ ‘dplyr’ ‘e1071’ ‘rhandsontable’ ‘shiny’
All declared Imports should be used.
Flavors: r-devel-linux-x86_64-fedora-clang, r-devel-linux-x86_64-fedora-gcc, r-patched-solaris-x86, r-release-macos-x86_64
Version: 0.1.0
Check: whether package can be installed
Result: ERROR
Installation failed.
Flavor: r-oldrel-macos-x86_64