CRAN Package Check Results for Package NBShiny2

Last updated on 2021-03-04 15:49:23 CET.

Flavor Version Tinstall Tcheck Ttotal Status Flags
r-devel-linux-x86_64-debian-clang 0.1.0 2.00 19.81 21.81 OK
r-devel-linux-x86_64-debian-gcc 0.1.0 1.72 15.85 17.57 OK
r-devel-linux-x86_64-fedora-clang 0.1.0 36.94 NOTE
r-devel-linux-x86_64-fedora-gcc 0.1.0 26.35 NOTE
r-devel-windows-ix86+x86_64 0.1.0 7.00 34.00 41.00 OK
r-patched-linux-x86_64 0.1.0 1.88 19.46 21.34 OK
r-patched-solaris-x86 0.1.0 42.90 NOTE
r-release-linux-x86_64 0.1.0 2.10 19.49 21.59 OK
r-release-macos-x86_64 0.1.0 NOTE
r-release-windows-ix86+x86_64 0.1.0 5.00 26.00 31.00 OK
r-oldrel-macos-x86_64 0.1.0 NOTE
r-oldrel-windows-ix86+x86_64 0.1.0 4.00 32.00 36.00 OK

Check Details

Version: 0.1.0
Check: dependencies in R code
Result: NOTE
    Namespaces in Imports field not imported from:
     ‘caret’ ‘datasets’ ‘dplyr’ ‘e1071’ ‘rhandsontable’ ‘shiny’
     All declared Imports should be used.
Flavors: r-devel-linux-x86_64-fedora-clang, r-devel-linux-x86_64-fedora-gcc, r-patched-solaris-x86, r-release-macos-x86_64, r-oldrel-macos-x86_64