CRAN Package Check Results for Package NBAloveR

Last updated on 2021-09-20 15:52:58 CEST.

Flavor Version Tinstall Tcheck Ttotal Status Flags
r-devel-linux-x86_64-debian-clang 0.1.3.3 2.58 26.99 29.57 OK
r-devel-linux-x86_64-debian-gcc 0.1.3.3 2.14 21.30 23.44 OK
r-devel-linux-x86_64-fedora-clang 0.1.3.3 45.25 NOTE
r-devel-linux-x86_64-fedora-gcc 0.1.3.3 34.12 NOTE
r-devel-windows-x86_64 0.1.3.3 4.00 36.00 40.00 OK
r-devel-windows-x86_64-gcc10-UCRT 0.1.3.3 ERROR
r-patched-linux-x86_64 0.1.3.3 2.80 26.09 28.89 OK
r-patched-solaris-x86 0.1.3.3 52.60 NOTE
r-release-linux-x86_64 0.1.3.3 2.43 25.87 28.30 OK
r-release-macos-arm64 0.1.3.3 NOTE
r-release-macos-x86_64 0.1.3.3 NOTE
r-release-windows-ix86+x86_64 0.1.3.3 5.00 48.00 53.00 OK
r-oldrel-macos-x86_64 0.1.3.3 NOTE
r-oldrel-windows-ix86+x86_64 0.1.3.3 6.00 47.00 53.00 OK

Check Details

Version: 0.1.3.3
Check: data for non-ASCII characters
Result: NOTE
     Note: found 140 marked UTF-8 strings
Flavors: r-devel-linux-x86_64-fedora-clang, r-devel-linux-x86_64-fedora-gcc, r-devel-windows-x86_64-gcc10-UCRT, r-patched-solaris-x86, r-release-macos-arm64, r-release-macos-x86_64, r-oldrel-macos-x86_64

Version: 0.1.3.3
Check: whether package can be installed
Result: WARN
    Found the following significant warnings:
     WARNING: installation-time patches will not be applied, could not get the patches index
Flavor: r-devel-windows-x86_64-gcc10-UCRT

Version: 0.1.3.3
Check: PDF version of manual
Result: WARN
    LaTeX errors when creating PDF version.
    This typically indicates Rd problems.
Flavor: r-devel-windows-x86_64-gcc10-UCRT

Version: 0.1.3.3
Check: PDF version of manual without hyperrefs or index
Result: ERROR
    Re-running with no redirection of stdout/stderr.
Flavor: r-devel-windows-x86_64-gcc10-UCRT