CRAN Package Check Results for Package NADA2

Last updated on 2021-07-25 23:55:24 CEST.

Flavor Version Tinstall Tcheck Ttotal Status Flags
r-devel-linux-x86_64-debian-clang 1.0.1 16.70 160.32 177.02 OK
r-devel-linux-x86_64-debian-gcc 1.0.1 15.49 118.43 133.92 OK
r-devel-linux-x86_64-fedora-clang 1.0.1 217.64 NOTE
r-devel-linux-x86_64-fedora-gcc 1.0.1 215.22 NOTE
r-devel-windows-x86_64 1.0.1 28.00 195.00 223.00 OK
r-devel-windows-x86_64-gcc10-UCRT 1.0.1 NOTE
r-patched-linux-x86_64 1.0.1 18.47 149.95 168.42 OK
r-patched-solaris-x86 1.0.1 295.40 NOTE
r-release-linux-x86_64 1.0.1 15.34 151.34 166.68 OK
r-release-macos-arm64 1.0.1 NOTE
r-release-macos-x86_64 1.0.1 NOTE
r-release-windows-ix86+x86_64 1.0.1 39.00 137.00 176.00 OK
r-oldrel-macos-x86_64 1.0.1 NOTE
r-oldrel-windows-ix86+x86_64 1.0.1 41.00 199.00 240.00 OK

Check Details

Version: 1.0.1
Check: dependencies in R code
Result: NOTE
    Namespaces in Imports field not imported from:
     ‘Kendall’ ‘perm’
     All declared Imports should be used.
Flavors: r-devel-linux-x86_64-fedora-clang, r-devel-linux-x86_64-fedora-gcc, r-devel-windows-x86_64-gcc10-UCRT, r-patched-solaris-x86, r-release-macos-arm64, r-release-macos-x86_64, r-oldrel-macos-x86_64