Last updated on 2021-03-01 15:47:34 CET.
Flavor | Version | Tinstall | Tcheck | Ttotal | Status | Flags |
---|---|---|---|---|---|---|
r-devel-linux-x86_64-debian-clang | 0.0-67 | NOTE | ||||
r-devel-linux-x86_64-debian-gcc | 0.0-67 | 5.10 | 26.03 | 31.13 | NOTE | |
r-devel-linux-x86_64-fedora-clang | 0.0-67 | 57.43 | NOTE | |||
r-devel-linux-x86_64-fedora-gcc | 0.0-67 | 46.69 | NOTE | |||
r-devel-windows-ix86+x86_64 | 0.0-67 | 9.00 | 39.00 | 48.00 | NOTE | |
r-patched-linux-x86_64 | 0.0-67 | 5.40 | 31.89 | 37.29 | NOTE | |
r-patched-solaris-x86 | 0.0-67 | 70.80 | NOTE | |||
r-release-linux-x86_64 | 0.0-67 | 6.15 | 32.31 | 38.46 | NOTE | |
r-release-macos-x86_64 | 0.0-67 | NOTE | ||||
r-release-windows-ix86+x86_64 | 0.0-67 | 11.00 | 54.00 | 65.00 | NOTE | |
r-oldrel-macos-x86_64 | 0.0-67 | NOTE | ||||
r-oldrel-windows-ix86+x86_64 | 0.0-67 | 8.00 | 50.00 | 58.00 | NOTE |
Version: 0.0-67
Check: R code for possible problems
Result: NOTE
PrbMlt.default: no visible binding for global variable 'na.omit'
PrbMlt.default: no visible global function definition for 'anova'
Undefined global functions or variables:
anova na.omit
Consider adding
importFrom("stats", "anova", "na.omit")
to your NAMESPACE file.
Flavors: r-devel-linux-x86_64-debian-clang, r-devel-linux-x86_64-debian-gcc, r-devel-linux-x86_64-fedora-clang, r-devel-linux-x86_64-fedora-gcc, r-devel-windows-ix86+x86_64, r-patched-linux-x86_64, r-patched-solaris-x86, r-release-linux-x86_64, r-release-macos-x86_64, r-release-windows-ix86+x86_64, r-oldrel-macos-x86_64, r-oldrel-windows-ix86+x86_64
Version: 0.0-67
Check: installed package size
Result: NOTE
installed size is 5.1Mb
sub-directories of 1Mb or more:
data 5.0Mb
Flavors: r-devel-linux-x86_64-fedora-clang, r-devel-windows-ix86+x86_64, r-patched-solaris-x86, r-release-macos-x86_64, r-release-windows-ix86+x86_64, r-oldrel-macos-x86_64, r-oldrel-windows-ix86+x86_64