Last updated on 2023-09-26 16:13:05 CEST.
Flavor | Version | Tinstall | Tcheck | Ttotal | Status | Flags |
---|---|---|---|---|---|---|
r-devel-linux-x86_64-debian-clang | 0.1.2 | 16.37 | 200.21 | 216.58 | NOTE | |
r-devel-linux-x86_64-debian-gcc | 0.1.2 | 14.43 | 143.40 | 157.83 | NOTE | |
r-devel-linux-x86_64-fedora-clang | 0.1.2 | 251.06 | NOTE | |||
r-devel-linux-x86_64-fedora-gcc | 0.1.2 | 256.39 | NOTE | |||
r-devel-windows-x86_64 | 0.1.2 | 18.00 | 162.00 | 180.00 | NOTE | |
r-patched-linux-x86_64 | 0.1.2 | 11.09 | 183.48 | 194.57 | NOTE | |
r-release-linux-x86_64 | 0.1.2 | 13.75 | 185.03 | 198.78 | NOTE | |
r-release-macos-arm64 | 0.1.2 | 51.00 | NOTE | |||
r-release-macos-x86_64 | 0.1.2 | 77.00 | NOTE | |||
r-release-windows-x86_64 | 0.1.2 | 19.00 | 194.00 | 213.00 | NOTE | |
r-oldrel-macos-arm64 | 0.1.2 | 62.00 | NOTE | |||
r-oldrel-macos-x86_64 | 0.1.2 | 96.00 | NOTE | |||
r-oldrel-windows-x86_64 | 0.1.2 | 20.00 | 190.00 | 210.00 | NOTE |
Version: 0.1.2
Check: package dependencies
Result: NOTE
Package suggested but not available for checking: ‘rrelaxiv’
Flavors: r-devel-linux-x86_64-debian-clang, r-devel-linux-x86_64-debian-gcc, r-devel-linux-x86_64-fedora-clang, r-devel-linux-x86_64-fedora-gcc, r-devel-windows-x86_64, r-patched-linux-x86_64, r-release-linux-x86_64, r-release-macos-arm64, r-release-macos-x86_64, r-release-windows-x86_64, r-oldrel-macos-arm64, r-oldrel-macos-x86_64, r-oldrel-windows-x86_64
Version: 0.1.2
Check: dependencies in R code
Result: NOTE
Namespaces in Imports field not imported from:
‘RCurl’ ‘fields’ ‘optmatch’ ‘rcbalance’ ‘utils’
All declared Imports should be used.
Flavors: r-devel-linux-x86_64-fedora-clang, r-devel-linux-x86_64-fedora-gcc