Last updated on 2022-05-20 15:52:12 CEST.
Flavor | Version | Tinstall | Tcheck | Ttotal | Status | Flags |
---|---|---|---|---|---|---|
r-devel-linux-x86_64-debian-clang | 0.6.2 | 6.71 | 97.52 | 104.23 | OK | |
r-devel-linux-x86_64-debian-gcc | 0.6.2 | 4.59 | 71.61 | 76.20 | OK | |
r-devel-linux-x86_64-fedora-clang | 0.6.2 | 131.51 | NOTE | |||
r-devel-linux-x86_64-fedora-gcc | 0.6.2 | 124.42 | NOTE | |||
r-devel-windows-x86_64 | 0.6.2 | 20.00 | 120.00 | 140.00 | OK | |
r-patched-linux-x86_64 | 0.6.2 | 5.74 | 88.41 | 94.15 | OK | |
r-release-linux-x86_64 | 0.6.2 | 6.28 | 88.74 | 95.02 | OK | |
r-release-macos-arm64 | 0.6.2 | 36.00 | NOTE | |||
r-release-macos-x86_64 | 0.6.2 | 73.00 | NOTE | |||
r-release-windows-x86_64 | 0.6.2 | 19.00 | 125.00 | 144.00 | OK | |
r-oldrel-macos-arm64 | 0.6.2 | 51.00 | NOTE | |||
r-oldrel-macos-x86_64 | 0.6.2 | 55.00 | NOTE | |||
r-oldrel-windows-ix86+x86_64 | 0.6.2 | 16.00 | 149.00 | 165.00 | OK |
Version: 0.6.2
Check: dependencies in R code
Result: NOTE
Namespaces in Imports field not imported from:
‘poweRlaw’ ‘rmutil’
All declared Imports should be used.
Flavors: r-devel-linux-x86_64-fedora-clang, r-devel-linux-x86_64-fedora-gcc, r-release-macos-arm64, r-release-macos-x86_64, r-oldrel-macos-arm64, r-oldrel-macos-x86_64