CRAN Package Check Results for Package MultBiplotR

Last updated on 2021-06-18 19:50:54 CEST.

Flavor Version Tinstall Tcheck Ttotal Status Flags
r-devel-linux-x86_64-debian-clang 1.3.30 40.48 265.03 305.51 OK
r-devel-linux-x86_64-debian-gcc 1.3.30 33.42 192.38 225.80 OK
r-devel-linux-x86_64-fedora-clang 1.3.30 370.94 NOTE
r-devel-linux-x86_64-fedora-gcc 1.3.30 352.00 NOTE
r-devel-windows-x86_64 1.3.30 62.00 322.00 384.00 OK
r-devel-windows-x86_64-gcc10-UCRT 1.3.30 NOTE
r-patched-linux-x86_64 1.3.30 40.31 249.63 289.94 OK
r-patched-solaris-x86 1.3.30 430.50 NOTE
r-release-linux-x86_64 1.3.30 40.48 248.22 288.70 OK
r-release-macos-arm64 1.3.30 NOTE
r-release-macos-x86_64 1.3.30 NOTE
r-release-windows-ix86+x86_64 1.3.30 74.00 323.00 397.00 OK
r-oldrel-macos-x86_64 1.3.30 NOTE
r-oldrel-windows-ix86+x86_64 1.3.30 51.00 324.00 375.00 OK

Check Details

Version: 1.3.30
Check: dependencies in R code
Result: NOTE
    Namespace in Imports field not imported from: ‘polycor’
     All declared Imports should be used.
Flavors: r-devel-linux-x86_64-fedora-clang, r-devel-linux-x86_64-fedora-gcc, r-devel-windows-x86_64-gcc10-UCRT, r-patched-solaris-x86, r-release-macos-arm64, r-release-macos-x86_64, r-oldrel-macos-x86_64