CRAN Package Check Results for Package MomTrunc

Last updated on 2024-02-20 23:54:00 CET.

Flavor Version Tinstall Tcheck Ttotal Status Flags
r-devel-linux-x86_64-debian-clang 6.0 OK
r-devel-linux-x86_64-debian-gcc 6.0 59.49 64.55 124.04 OK
r-devel-linux-x86_64-fedora-clang 6.0 205.63 OK
r-devel-linux-x86_64-fedora-gcc 6.0 218.70 OK
r-devel-windows-x86_64 6.0 55.00 103.00 158.00 OK
r-patched-linux-x86_64 6.0 72.16 87.47 159.63 OK
r-release-linux-x86_64 6.0 66.08 86.19 152.27 OK
r-release-macos-arm64 6.0 56.00 NOTE
r-release-macos-x86_64 6.0 98.00 NOTE
r-release-windows-x86_64 6.0 70.00 119.00 189.00 OK
r-oldrel-macos-arm64 6.0 56.00 NOTE
r-oldrel-windows-x86_64 6.0 69.00 116.00 185.00 OK

Check Details

Version: 6.0
Check: installed package size
Result: NOTE installed size is 7.4Mb sub-directories of 1Mb or more: libs 6.9Mb Flavors: r-release-macos-arm64, r-release-macos-x86_64, r-oldrel-macos-arm64

Version: 6.0
Check: package dependencies
Result: NOTE Package suggested but not available for checking: ‘tmvtnorm’ Flavor: r-release-macos-x86_64