CRAN Package Check Results for Package MomTrunc

Last updated on 2023-06-04 15:56:52 CEST.

Flavor Version Tinstall Tcheck Ttotal Status Flags
r-devel-linux-x86_64-debian-clang 6.0 83.51 86.76 170.27 OK
r-devel-linux-x86_64-debian-gcc 6.0 62.06 65.15 127.21 OK
r-devel-linux-x86_64-fedora-clang 6.0 224.77 OK
r-devel-linux-x86_64-fedora-gcc 6.0 228.97 OK
r-devel-windows-x86_64 6.0 53.00 96.00 149.00 OK
r-patched-linux-x86_64 6.0 64.24 82.84 147.08 OK
r-release-linux-x86_64 6.0 68.62 82.43 151.05 OK
r-release-macos-arm64 6.0 56.00 NOTE
r-release-macos-x86_64 6.0 98.00 NOTE
r-release-windows-x86_64 6.0 70.00 122.00 192.00 OK
r-oldrel-macos-arm64 6.0 56.00 NOTE
r-oldrel-macos-x86_64 6.0 68.00 NOTE
r-oldrel-windows-x86_64 6.0 70.00 112.00 182.00 OK

Additional issues

M1mac

Check Details

Version: 6.0
Check: installed package size
Result: NOTE
     installed size is 7.4Mb
     sub-directories of 1Mb or more:
     libs 6.9Mb
Flavors: r-release-macos-arm64, r-release-macos-x86_64, r-oldrel-macos-arm64, r-oldrel-macos-x86_64

Version: 6.0
Check: package dependencies
Result: NOTE
    Package suggested but not available for checking: ‘tmvtnorm’
Flavor: r-release-macos-x86_64