CRAN Package Check Results for Package MomTrunc

Last updated on 2021-03-05 23:48:48 CET.

Flavor Version Tinstall Tcheck Ttotal Status Flags
r-devel-linux-x86_64-debian-clang 5.97 70.80 79.93 150.73 OK
r-devel-linux-x86_64-debian-gcc 5.97 53.84 60.27 114.11 OK
r-devel-linux-x86_64-fedora-clang 5.97 211.39 NOTE
r-devel-linux-x86_64-fedora-gcc 5.97 202.77 OK
r-devel-windows-ix86+x86_64 5.91 153.00 129.00 282.00 OK
r-patched-linux-x86_64 5.97 OK
r-patched-solaris-x86 5.97 185.10 OK
r-release-linux-x86_64 5.97 62.25 74.00 136.25 OK
r-release-macos-x86_64 5.97 NOTE
r-release-windows-ix86+x86_64 5.97 149.00 130.00 279.00 OK
r-oldrel-macos-x86_64 5.97 NOTE
r-oldrel-windows-ix86+x86_64 5.97 131.00 117.00 248.00 OK

Check Details

Version: 5.97
Check: installed package size
Result: NOTE
     installed size is 7.1Mb
     sub-directories of 1Mb or more:
     libs 6.6Mb
Flavors: r-devel-linux-x86_64-fedora-clang, r-release-macos-x86_64, r-oldrel-macos-x86_64