CRAN Package Check Results for Package MoMPCA

Last updated on 2021-02-25 11:47:30 CET.

Flavor Version Tinstall Tcheck Ttotal Status Flags
r-devel-linux-x86_64-debian-clang 1.0.1 5.01 57.67 62.68 OK
r-devel-linux-x86_64-debian-gcc 1.0.1 5.11 44.40 49.51 OK
r-devel-linux-x86_64-fedora-clang 1.0.1 89.74 NOTE
r-devel-linux-x86_64-fedora-gcc 1.0.1 76.63 NOTE
r-devel-windows-ix86+x86_64 1.0.1 11.00 260.00 271.00 OK
r-patched-linux-x86_64 1.0.1 5.40 58.19 63.59 OK
r-patched-solaris-x86 1.0.1 798.90 NOTE
r-release-linux-x86_64 1.0.1 5.63 58.81 64.44 OK
r-release-macos-x86_64 1.0.1 NOTE
r-release-windows-ix86+x86_64 1.0.1 16.00 278.00 294.00 OK
r-oldrel-macos-x86_64 1.0.1 NOTE
r-oldrel-windows-ix86+x86_64 1.0.1 9.00 303.00 312.00 OK

Check Details

Version: 1.0.1
Check: data for non-ASCII characters
Result: NOTE
     Note: found 16 marked UTF-8 strings
Flavors: r-devel-linux-x86_64-fedora-clang, r-devel-linux-x86_64-fedora-gcc, r-patched-solaris-x86, r-release-macos-x86_64, r-oldrel-macos-x86_64