CRAN Package Check Results for Package MixSIAR

Last updated on 2024-06-16 08:55:55 CEST.

Flavor Version Tinstall Tcheck Ttotal Status Flags
r-devel-linux-x86_64-debian-clang 3.1.12 7.76 88.53 96.29 NOTE
r-devel-linux-x86_64-debian-gcc 3.1.12 6.31 63.23 69.54 NOTE
r-devel-linux-x86_64-fedora-clang 3.1.12 128.46 NOTE
r-devel-linux-x86_64-fedora-gcc 3.1.12 175.59 NOTE
r-devel-windows-x86_64 3.1.12 8.00 91.00 99.00 NOTE
r-patched-linux-x86_64 3.1.12 6.26 82.80 89.06 NOTE
r-release-linux-x86_64 3.1.12 7.08 84.05 91.13 NOTE
r-release-macos-arm64 3.1.12 63.00 NOTE
r-release-macos-x86_64 3.1.12 97.00 NOTE
r-release-windows-x86_64 3.1.12 9.00 98.00 107.00 NOTE
r-oldrel-macos-arm64 3.1.12 70.00 NOTE
r-oldrel-macos-x86_64 3.1.12 90.00 NOTE
r-oldrel-windows-x86_64 3.1.12 10.00 96.00 106.00 NOTE

Check Details

Version: 3.1.12
Check: LazyData
Result: NOTE 'LazyData' is specified without a 'data' directory Flavors: r-devel-linux-x86_64-debian-clang, r-devel-linux-x86_64-debian-gcc, r-devel-linux-x86_64-fedora-clang, r-devel-linux-x86_64-fedora-gcc, r-devel-windows-x86_64, r-patched-linux-x86_64, r-release-linux-x86_64, r-release-macos-arm64, r-release-macos-x86_64, r-release-windows-x86_64, r-oldrel-macos-arm64, r-oldrel-macos-x86_64, r-oldrel-windows-x86_64