CRAN Package Check Results for Package MixGHD

Last updated on 2021-06-15 03:50:53 CEST.

Flavor Version Tinstall Tcheck Ttotal Status Flags
r-devel-linux-x86_64-debian-clang 2.3.5 21.24 123.06 144.30 NOTE
r-devel-linux-x86_64-debian-gcc 2.3.5 17.31 89.46 106.77 NOTE
r-devel-linux-x86_64-fedora-clang 2.3.5 183.65 NOTE
r-devel-linux-x86_64-fedora-gcc 2.3.5 172.79 NOTE
r-devel-windows-x86_64 2.3.5 31.00 156.00 187.00 NOTE
r-devel-windows-x86_64-gcc10-UCRT 2.3.5 NOTE
r-patched-linux-x86_64 2.3.5 20.56 118.94 139.50 NOTE
r-patched-solaris-x86 2.3.5 224.80 NOTE
r-release-linux-x86_64 2.3.5 22.72 119.40 142.12 NOTE
r-release-macos-arm64 2.3.5 NOTE
r-release-macos-x86_64 2.3.5 NOTE
r-release-windows-ix86+x86_64 2.3.5 50.00 242.00 292.00 NOTE
r-oldrel-macos-x86_64 2.3.5 NOTE
r-oldrel-windows-ix86+x86_64 2.3.5 35.00 230.00 265.00 NOTE

Check Details

Version: 2.3.5
Check: for GNU extensions in Makefiles
Result: NOTE
    GNU make is a SystemRequirements.
Flavors: r-devel-linux-x86_64-debian-clang, r-devel-linux-x86_64-debian-gcc, r-devel-linux-x86_64-fedora-clang, r-devel-linux-x86_64-fedora-gcc, r-devel-windows-x86_64, r-devel-windows-x86_64-gcc10-UCRT, r-patched-linux-x86_64, r-patched-solaris-x86, r-release-linux-x86_64, r-release-macos-arm64, r-release-macos-x86_64, r-release-windows-ix86+x86_64, r-oldrel-macos-x86_64, r-oldrel-windows-ix86+x86_64