Last updated on 2022-05-22 23:51:48 CEST.
Flavor | Version | Tinstall | Tcheck | Ttotal | Status | Flags |
---|---|---|---|---|---|---|
r-devel-linux-x86_64-debian-clang | 2.3.4 | 17.62 | 53.40 | 71.02 | OK | |
r-devel-linux-x86_64-debian-gcc | 2.3.4 | 14.98 | 40.80 | 55.78 | OK | |
r-devel-linux-x86_64-fedora-clang | 2.3.4 | 87.83 | NOTE | |||
r-devel-linux-x86_64-fedora-gcc | 2.3.4 | 86.79 | NOTE | |||
r-devel-windows-x86_64 | 2.3.4 | 92.00 | 84.00 | 176.00 | OK | |
r-patched-linux-x86_64 | 2.3.4 | 19.67 | 51.58 | 71.25 | OK | |
r-release-linux-x86_64 | 2.3.4 | 15.44 | 51.12 | 66.56 | OK | |
r-release-macos-arm64 | 2.3.4 | 29.00 | NOTE | |||
r-release-macos-x86_64 | 2.3.4 | 50.00 | NOTE | |||
r-release-windows-x86_64 | 2.3.4 | 65.00 | 85.00 | 150.00 | OK | |
r-oldrel-macos-arm64 | 2.3.4 | 30.00 | NOTE | |||
r-oldrel-macos-x86_64 | 2.3.4 | 42.00 | NOTE | |||
r-oldrel-windows-ix86+x86_64 | 2.3.4 | 31.00 | 75.00 | 106.00 | OK |
Version: 2.3.4
Check: dependencies in R code
Result: NOTE
Namespaces in Imports field not imported from:
‘R6’ ‘curl’ ‘jsonlite’ ‘vctrs’
All declared Imports should be used.
Flavors: r-devel-linux-x86_64-fedora-clang, r-devel-linux-x86_64-fedora-gcc, r-release-macos-arm64, r-release-macos-x86_64, r-oldrel-macos-arm64, r-oldrel-macos-x86_64