CRAN Package Check Results for Package Microsoft365R

Last updated on 2021-12-08 19:51:39 CET.

Flavor Version Tinstall Tcheck Ttotal Status Flags
r-devel-linux-x86_64-debian-clang 2.3.2 19.88 46.51 66.39 OK
r-devel-linux-x86_64-debian-gcc 2.3.2 13.66 37.38 51.04 OK
r-devel-linux-x86_64-fedora-clang 2.3.2 83.97 NOTE
r-devel-linux-x86_64-fedora-gcc 2.3.2 71.34 NOTE
r-devel-windows-x86_64-new-UL 2.3.2 32.00 91.00 123.00 OK
r-devel-windows-x86_64-new-TK 2.3.2 NOTE
r-devel-windows-x86_64-old 2.3.2 28.00 68.00 96.00 OK
r-patched-linux-x86_64 2.3.2 23.25 47.14 70.39 OK
r-release-linux-x86_64 2.3.2 15.92 47.22 63.14 OK
r-release-macos-arm64 2.3.2 NOTE
r-release-macos-x86_64 2.3.2 NOTE
r-release-windows-ix86+x86_64 2.3.2 20.00 69.00 89.00 OK
r-oldrel-macos-x86_64 2.3.2 NOTE
r-oldrel-windows-ix86+x86_64 2.3.2 29.00 52.00 81.00 OK

Check Details

Version: 2.3.2
Check: dependencies in R code
Result: NOTE
    Namespaces in Imports field not imported from:
     ‘R6’ ‘curl’ ‘jsonlite’ ‘vctrs’
     All declared Imports should be used.
Flavors: r-devel-linux-x86_64-fedora-clang, r-devel-linux-x86_64-fedora-gcc, r-devel-windows-x86_64-new-TK, r-release-macos-arm64, r-release-macos-x86_64, r-oldrel-macos-x86_64