CRAN Package Check Results for Package MiRKAT

Last updated on 2021-06-21 11:52:11 CEST.

Flavor Version Tinstall Tcheck Ttotal Status Flags
r-devel-linux-x86_64-debian-clang 1.1.4 14.23 227.99 242.22 OK
r-devel-linux-x86_64-debian-gcc 1.1.4 11.52 164.80 176.32 OK
r-devel-linux-x86_64-fedora-clang 1.1.4 285.07 OK
r-devel-linux-x86_64-fedora-gcc 1.1.4 282.30 OK
r-devel-windows-x86_64 1.1.4 21.00 241.00 262.00 OK
r-devel-windows-x86_64-gcc10-UCRT 1.1.4 WARN
r-patched-linux-x86_64 1.1.4 15.89 214.13 230.02 OK
r-patched-solaris-x86 1.1.4 377.10 OK
r-release-linux-x86_64 1.1.4 12.09 214.89 226.98 OK
r-release-macos-arm64 1.1.4 OK
r-release-macos-x86_64 1.1.4 OK
r-release-windows-ix86+x86_64 1.1.4 28.00 238.00 266.00 OK
r-oldrel-macos-x86_64 1.1.4 OK

Check Details

Version: 1.1.4
Check: package dependencies
Result: NOTE
    Packages suggested but not available for checking:
     'tidyverse', 'kableExtra'
Flavor: r-devel-windows-x86_64-gcc10-UCRT

Version: 1.1.4
Check: re-building of vignette outputs
Result: WARN
    Error(s) in re-building vignettes:
     ...
    --- re-building 'MiRKAT_Vignette.Rmd' using rmarkdown
    This is vegan 2.5-7
    
    Attaching package: 'propr'
    
    The following object is masked from 'package:lattice':
    
     parallel
    
    Quitting from lines 19-25 (MiRKAT_Vignette.Rmd)
    Error: processing vignette 'MiRKAT_Vignette.Rmd' failed with diagnostics:
    there is no package called 'kableExtra'
    --- failed re-building 'MiRKAT_Vignette.Rmd'
    
    SUMMARY: processing the following file failed:
     'MiRKAT_Vignette.Rmd'
    
    Error: Vignette re-building failed.
    Execution halted
Flavor: r-devel-windows-x86_64-gcc10-UCRT