Last updated on 2022-08-07 23:59:09 CEST.
Flavor | Version | Tinstall | Tcheck | Ttotal | Status | Flags |
---|---|---|---|---|---|---|
r-devel-linux-x86_64-debian-clang | 1.30.0 | 5.97 | 96.90 | 102.87 | NOTE | |
r-devel-linux-x86_64-debian-gcc | 1.30.0 | 6.04 | 76.07 | 82.11 | NOTE | |
r-devel-linux-x86_64-fedora-clang | 1.30.0 | 135.53 | NOTE | |||
r-devel-linux-x86_64-fedora-gcc | 1.30.0 | 132.56 | NOTE | |||
r-devel-windows-x86_64 | 1.30.0 | 41.00 | 132.00 | 173.00 | NOTE | |
r-patched-linux-x86_64 | 1.30.0 | 10.04 | 92.00 | 102.04 | OK | |
r-release-linux-x86_64 | 1.30.0 | 7.35 | 90.27 | 97.62 | OK | |
r-release-macos-arm64 | 1.30.0 | 47.00 | OK | |||
r-release-macos-x86_64 | 1.30.0 | 64.00 | OK | |||
r-release-windows-x86_64 | 1.30.0 | 35.00 | 124.00 | 159.00 | OK | |
r-oldrel-macos-arm64 | 1.30.0 | 40.00 | OK | |||
r-oldrel-macos-x86_64 | 1.30.0 | 77.00 | OK | |||
r-oldrel-windows-ix86+x86_64 | 1.30.0 | 15.00 | 125.00 | 140.00 | OK |
Version: 1.30.0
Check: Rd files
Result: NOTE
checkRd: (-1) cardiac.Rd:15: Escaped LaTeX specials: \&
checkRd: (-1) plvol.Rd:14: Escaped LaTeX specials: \&
checkRd: (-1) sbp.Rd:16: Escaped LaTeX specials: \&
Flavors: r-devel-linux-x86_64-debian-clang, r-devel-linux-x86_64-debian-gcc, r-devel-linux-x86_64-fedora-clang, r-devel-linux-x86_64-fedora-gcc, r-devel-windows-x86_64
Version: 1.30.0
Check: HTML version of manual
Result: NOTE
Found the following HTML validation problems:
BA.est.html:149:32: Warning: trimming empty <code>
Flavors: r-devel-linux-x86_64-debian-clang, r-devel-linux-x86_64-debian-gcc
Version: 1.30.0
Check: Rd cross-references
Result: NOTE
Undeclared package ‘R2WinBUGS’ in Rd xrefs
Flavor: r-devel-linux-x86_64-fedora-clang