CRAN Package Check Results for Package MetabolomicsBasics

Last updated on 2021-06-17 03:51:03 CEST.

Flavor Version Tinstall Tcheck Ttotal Status Flags
r-devel-linux-x86_64-debian-clang 1.2 18.10 166.29 184.39 OK
r-devel-linux-x86_64-debian-gcc 1.2 15.66 121.31 136.97 OK
r-devel-linux-x86_64-fedora-clang 1.2 223.98 OK
r-devel-linux-x86_64-fedora-gcc 1.2 208.89 OK
r-devel-windows-x86_64 1.2 27.00 188.00 215.00 OK
r-devel-windows-x86_64-gcc10-UCRT 1.2 OK
r-patched-linux-x86_64 1.2 17.17 155.31 172.48 OK
r-patched-solaris-x86 1.2 325.10 OK
r-release-linux-x86_64 1.2 16.91 152.82 169.73 OK
r-release-macos-arm64 1.2 ERROR
r-release-macos-x86_64 1.2 OK
r-release-windows-ix86+x86_64 1.2 45.00 190.00 235.00 OK
r-oldrel-macos-x86_64 1.2 OK
r-oldrel-windows-ix86+x86_64 1.2 29.00 187.00 216.00 OK

Check Details

Version: 1.2
Check: package dependencies
Result: ERROR
    Packages required but not available: 'mixOmics', 'pcaMethods', 'ropls'
    
    See section ‘The DESCRIPTION file’ in the ‘Writing R Extensions’
    manual.
Flavor: r-release-macos-arm64